{"id":973,"date":"2024-10-14T10:47:23","date_gmt":"2024-10-14T13:47:23","guid":{"rendered":"https:\/\/sbu.uenp.edu.br\/clm\/?page_id=973"},"modified":"2025-05-05T09:55:32","modified_gmt":"2025-05-05T12:55:32","slug":"pgd-br","status":"publish","type":"page","link":"https:\/\/sbu.uenp.edu.br\/clm\/orientacoes\/gestao-de-dados\/pgd-br\/","title":{"rendered":"PGD-BR"},"content":{"rendered":"<hr \/>\n<p><span style=\"font-family: verdana, geneva, sans-serif\"><img decoding=\"async\" class=\"alignleft\" src=\"image\/png;base64,iVBORw0KGgoAAAANSUhEUgAAAH0AAAB9CAYAAACPgGwlAAAXq0lEQVR4Xu1dZXhURxd+i0Nb3ErQ4i4tRVMguLu7a4qT4KFYGtyDJRBIcWix4hqgSAVJkXxIcG2gQHD6zVlYurmye2XuZTeb93nyJztz5sy8d+4dOfLJvwxwE+w5fBJV2gwX9XbX8vHwKlvUTUYB+CSOdCCOdBd\/3p88fYY3b98ixeefinqy98gpVG49TPT\/3aETUKlMEdH\/Hz1+ivjx4uGzT5O6+KjEVD9WzPR\/Hkdj466jWLM1DNsP\/oYh3Zrg+wFtRESpfb2PmBKCyQvXo7rnV2haqzzqVSmF5J8nc\/kHwOVJr9tlDLbsOR6DiLSpk+PuiR91k562REv8\/fBxDDm1vUpi06LRLk28y5Pu1Woo9v16WkTC0F7NMH5Quxj\/VzPTB08MwhQ2y4WgBR+tAVwZLk966E970XbAFEkOhAs0paT\/su8Eanfyk5S5YuYQNK\/zrStz7vqr99ev3yB\/1R64GHlLRMTnnyVF6PTBqOP1jeU3JaTT2qBV3wBEP3shkpcjSwZE7F2IeGxx58pw+ZlOg79i43607jdJlof+nRvAp3sThEdclV2958+VBeNmr8TcZVtk5awPHI4G1coo4\/sK0+fZJSDn90CidMrqmFTKaUh\/9vwFpizagID560DbrnRpUuDaoSVIlCihoqFo3HM8Nmw\/YrdsxdKFJb\/\/FUoVxv6j4nWBrbD2jSsjeFJ\/Rbrg7UvggAfw6j4Q\/3Mghw+QbSAQL4my+gaXcgrSN+0+ih7D5+DW3b9jdPenBSMt2yQlePjPE3g280H4hUglxVWV+apwLuxb4Y9Pkykk7e464GSTmG0kZg9BgQVA2lqq2jaisFOQPm\/5VvQeNVfUv45Nq2LxD30V9\/vu\/Yf4trkPLly+obiOo4JF8+fA3hUTkTL5Z46K\/vf7aXZGcDtUXD4\/62PmnsrlGFTSKUiPfvYc6b5qDXrF24K+s+E75qnq+uMn0WjTfzI27T6mqp5U4Q5NqmDeuN5IrPAT80FG2Jfse345psh47FSvIr3uP\/7hjmmk05Gm1NGodWToIoRW10K8vbRZE3kLVmzDgHELJVfhjgSSnvSGaVSjrKOi0r\/v\/ET8\/zTVgRLb5OW9fggkSKmtPZW1TCH98G9nUbPjKCz274sm7DhTCp19ZiB4zU7RT\/d\/X4HUKdliSAOuXL+DWUs3Mbm7QN98R\/gifWp0bFoFfdrVRcZ0qRwVl\/79OVtTHMwu\/i1zdyB\/oHSdO2uB8M7sofgFSKnxQVOhreGkE+HV2o34MOPWzRuOhtXF256hAUvwQyDrvAB3jodaVvJ6cfzkBSxnBzn0EAjRt2N90Oq8WAH2WtaL6AjgUB6xlC\/Z0W1OP\/H\/ifBTTd\/9Pz67JCqxw3DiDSWdCK\/efiSeRj+P0dm1c4eJXp0dBk1DyPrdokF5eHI1t0sOJYczejnH86tspmeTmOlsAUcLOVvYEm79f3y2YCyx3VDiDSP93MXrKFm\/n4hwa9+ExFds4YsDx87EGBO60vzn9BrdPFgFmEI6NSb1TU9bGyhusz6RItyW+FLsEunTfNz6bivIMNKpkZbfBWDV5gOyiltf9c9fvGSr91aiB4Ret79vnsmt46aRfiAr8OJaTL0TsDVCpffnEPYIp1oZWwOFl3Prt1CQoaRTY7R9+vHnfbIdoAMYOuem824h+nWqj6kjunLrvGmkn2kL3JIgrSi7tfv3DfuGN2d9eivdr4ytgEKs7icSOwBOI2E46aRnn9Hz7J5p586RCRGXb4q6xNuMyTTSb7GDmTNiIw4kywtEn5enLksfIN8sTtTKizGFdGq+\/9gFmBG8UXGHMn+RFpFhweyB5\/fEm0b6W3bItI9dsryJaYBht\/NZ2clj3umKx0dPQdNIJyXJ\/GjCnNWK9KXXOr3eecI00knpC0OASPmbvxj9ysEsdHON49lVu7JMJZ00mR70s+WkzB7Sp0mJK2FBSJI4EdeBMJX01\/+827rRSZs95JnGbuD6ce2nI2FcSaerzcvXbqNrixogAwYhaJVOp2O+AcF4\/OSZrG7dWtZA4Hj2feMMU0kn3f9ii9Abi+R7kYAdOuWeCGTqKH3tSg8O1U\/KDo3SN+A2GlxJz1quA67fuo+kSRKjQqlCyJQhNTKkTYV7Dx7hJrs2DTsRDrJcVYLZY3qiV1u2t+UIU0m\/xg5izvVWpn2C1O8OYxJnYgYXaYGXd4DnbGEbtZ8t8tl4JckOeAoucJRJlizFjfRJC9bBxz9YhyriqvMn9LG8NXjBNNKvs8\/X2W681H4nJ8\/kd4YYHMCFdJq9Wcq1t\/vK1qorT+JNId0IwmnwyALn2+vsJi651qH8UI8L6QPHL8K0xT9pUiZZ0sTwLFkQ2w\/8Llt\/ll8P9G5XR5N820qGk351BnDezqIsDXtrPTzItnJPtfUlO9sR5P5BW12bWlxIp7vrgPlrcenqbVUKkSnx1BFdQFeajg5weGzhDCU9kq3CLwyQ738W9n3PN5sdzzKr3fPM1u7OKlVjhaS5mK0dI91D\/wklF9Kt2u84+DuCVu\/EidMRkg9AvpyZUaJQLpCBYrNanqLbM0fETxvZFXQNqhWGka6UcFvFX0cx4tmx7ANmQ\/DoKFu4XRF3i4hOUZIR3QlIXUVrt0X1uJIulB554y5u3H4AcjPKmimdon133zHzJe+8rbInD+uMAV0aahoAQ0iPZAusC4Pl9cn6HTtpY699R3jLtrDP2SXNS2ZSlSQz+2OXNgbBUNK16txt6CwsWsXulGUwk33j+2j4xnMn\/QojPMIO4dZXutaBMKieU5JOffVmlzRz7DgeaCGeK+kuSjiNrdOSroT4gKGdMKhrI8XzgRvpLky405POm3gupLs44S5BOk\/idZPuiHA6MaOTMyeHU7\/ebcfO0TdeyauezKD\/\/Et8hl2sQA7HHiwX\/YBLY+TpdBHCXWamW0d68ITFFidHOSghXtMkvDCI3Y1L+8Bb5LkQ4ZpJr9DCBwVyZUXPNrVQJF8OTeOotdKwSUvhP0\/eQnbG6O7wbl9Xq3hxvcipbB9u56LDZAMIUvDk1RsI3HMIf928jf3D2DmASqh+vV+7eQ\/ZyrP73\/cgf+0pwzsjR5aMKpvWXlxuxntkTIODqwOQPXMG7cKFNZ9dAY4zr5wXEk6RJs\/wiNv34LN6Izb8duqDllen+SFLanXeOKpJDwzdil4jYxrtU8SlzSz4Tnl2cWIWhMQbQri1M1LEk7cKea2YhL1nI1Bv2gI8YYYotpjXvhl6eJVTpYVq0ut3Hcs8QtlZsQRURWpQpaZ0YSvxhhIuRXxuZvuWnX3nTULo4RNoM3+ZZGv1ihfCz\/3UXcKoJj1Z\/kYgsyc5SLksGTk2FOetSc1yfF\/pcgpTOJF7zBeOLFdNwtKwY+iwUMLX\/X37SRMmRPQiddtEVaSTKVTlNsMkbdRtx+D0tjkomEfCn8ukgYotzRy9GInS37OFpB3kyZgOu336IHNq5W7Oqki3tr0r7E8MYtunU+ek7bby5PDAud3zY8vYf5R+PGEBGvL7jsf1qEeS7RfP5oFJzRugckEJD1kHGmsinWS+ePkKnYZMt0R2ksKo71rCrx\/zyYqDphHouWQ1AvcekqzbrWJZzGzTGIkTJtAkWzPp1tbaD5yKZRv2SDZ++9hypE+r\/LWjqQexsNLZm3dQYOgEyZ71ZCv1uWzFrge6SadF3Vd1++Ls\/wRemkyrCYPbw7fne4d7PVq6WV3vZWsxexezpROgSJZMODFmEBLGj69rRHSTTq1v2\/8banUU71m1BArS1ZtYUjlVT188jBY7gxxgp2+eeXPq7iUX0ik5RHbPTqDTOiGuHAxGVg\/nipioe9QMFHDm+i0UHu4vaiFX+rSImDSSS8uKSPebLr9PtGrxC5vtFNdFiGa1PUEGkbzRrlFlfJnVvKNfof6X7j5AyCH9YcuEcon0dSfEUbZK58yG6oXzOxxGv4Y1HZZRRHq8L\/XbnDvURGWBHSHjUKV8MZW1+BXfFX4eVQPEAQ\/5taBN0r9LHRthxpGubWwRR7rGgdNTLW6mS49e3EzX81Q5qBs30w0cXDnRcTPd4JkulSNF2OTEuauxM+wPkSaUR6VMCcerTrXPDUVnTpVCRWRmtQ04KB\/1NNpiwcIbR\/53BcPWiuPhVi+UD751HLs2Vcyf26FKihZyjqREPXoCj9LtJK9c9cR2ddRubPz9wZOnSNtbnDsuGYtEfXvWeHzOAj7oBRfSh08OAc10IXgH\/9PbWVepX4Qdzpxm+3UhRjeoASX7cEf91E06vfopq6FUylYjQog46lBs+H369n3o\/6PY6jcBSxi0b5g3yuXWF7hYF+kU8K90owGg17sQFK778oEgyYBDsYEYI\/tA64Ws\/UeL7OGozUwpk+PwyP7IlpbFqdEIzaSfOBVhifAsRTjpEhTQD5QZIQ7aRmDu7oPoHSIOhU7S0rEkBHuHeqOgxxeahKsm\/fa9KIv\/OMWDE6bfsGpQs+LX2BLkp0khtZVmBP9sSe5jhgk2hUujvG16AiOo6V+FCTNx4PxFySq0oOtXvSL6VPFE+uTqkiCoIp06nbNCF7t6U3jPk1tnm7KdIqcHcn4wwxqWskR4NhtiCbJglp3ATWYqRTduf7PXvT1cmjwKOdKlUfw8qSKdpKb\/uhXu\/82C2kmArGT2r\/RH3i\/536oJmxNGnjSSeFvCrXrwiIGjhKU\/I2\/Ay38WoiTu162v+ruzpa1s5OSrJr3j4GlYuk6cgYFm+B6WhzxXdhYAz2DIhRol4o+smwLShRekCDeb+FPXblqIf8AyUQnRofw3CO6qzhZRNemrtxxEC++YYa2+KZoHmxf7WWLLGA0KXUYhzOTAewaa3Z5cv64+iGJXuXNwgbk22WJVrw5oVqq4qmFXTTql2kpVlILUs6BHbGaN6NMCnZtVQ4IE+uy2lGgtl7TPWtenRxNMHNJBiShVZeSSClmFzPm+l8WZ02g8YxbIc5jtnP+WnZZZT0HRo+b5I0UycRxee7qoJp2EjZq6HF8Xya04JSaPwXBEeN+O9TBtJOfQnDaKO4pXbxbxpNLzV6+w8fcz+CPyOiY2U++hq4l0HiSqkfGxCbfq6kzEqxk\/YVmnJ50n4RTYsJpncV0LPUfEL2KZGzuxHLHODKcmPYhlZOzCMjPKQc0r\/dc\/zqFs43eepjmzfQGvMkVRqUwRVC5bVHWyv14j5yAwlGVLlIGzE++0pDsivEfrmpg7VmE8dUbOXBaTjsKQClH92xL4ZQlLbK8Srky8U5LOm3Dik1J106dCiOF9mmPsAJZSSwMcEb9s2iC0rl9Rg2Rjqzgd6aEsh1tblstNDmpnuFVO1bYjsPvQnyKxK2f5gGzztaIzc+IMXrtLsjplmgqZOtDpiOdK+smzl7GLmUztZimx9x898+FChjIUU0Bg8lkvVSyvZTElFReGcq1SzlU50F6YtkZakN2zI67eEHvgUIZHvYl1ewyfDQp\/LodlRHyDSqKfKVQ6uYRR1OzwiKsWDyG60CJYU6LQmqMqGy+eAZ24kE5xaALmrwMdWSpFSXaK171lTXRq9m6lG8oyHrcdIB+2q0vz6lgw0VupeFE5OYcNyuVKOV31oovvDEvYczmETh+MlvUqWH6m8Vq4cjv+CJe+QZOSQYvPId0bc0lvwoV0yt1COVy0gMhvULU0yORKDnoJv3P\/Ib74RpwRkTJKPTrFL4GvI+LptHDlpv2gN6IWDO7WGD\/4\/hfZS4sMqsOFdCNzuHRkhhi0BdKTifH0uSsoWkuc8ot3xIy3b9+iHXtb\/SgTqEErSVSPHtBrh5ZySSvOhXRSyohsTa3Y65BWwHoIJ932Hz2NSi2Hisa83NcFLHHneMIo4iexiNcDVUS8ttcnbqRTI1nKtrcYGcjlZaP86E+eyifhs1W0TcNKCJnCJyXVzzt\/RcPu4rSWWvfoSh4SWp\/QOkUJKA5f+a8LwiNDGstN5Z37Ubh55+8Pi+FsHulx+WCQElGKynAlff22w7h26x47hqwmaRBJ5lV0F+8bsMRuUj4yf6IU27xA4VEoTIoQtFWjLZtRqNtlDLbsOS4rnsgO8O2Edo28JFOdUJbKoDU7LDud+mzdwwtcSVeilJJcq9TJszsDkThxQiUiHZahVTUtsoQgw00y4DQCL9k1aN7K3UF5bOyB9\/2\/kr6YSrojgwRbhckdamgvfQF1rPJoD017aSFou7jI35hAgGNnrcDoaY6DOZBOZhNvGulKZrgtKRmYvd2NX0MQjxn464VUPFuSSSk9KcMjb7x+\/QYZSraWNQ+Xas9M4k0h3RHhlIUx+hlLNC\/A5sWjUasSy0umEwtXbkP3YeKZ3rl5NSycqD50tiN11v1yCE17s2zJAsj101qMV6ZJR\/oZTrojwsmGvEDuLJKkUP41ysOmFys3HUCrvuKtWWMWU3bNHPFWTm97FCWb3i5C0AN25kIkyFZfDmZY4BhKuqNveL9O9S3fs6fRzy2vQ+Fsp3P6I+vtZFRQyM7WvcdRp7M4FUflcsWwc5l4K6dQrGyxwjV6I5yRa4tPkyXBneOhoNk+YNxCi7OIHLgnKhA0ZBjpcqdg1vZphlMaTSu8Wg2F0A+eBurxGWnXHjXEHDrxl8VRQQiy8zv2k\/wFj5o2bMtKnfNTUCQKpGBF\/7EL7c74M9vnsjegMVkYDSOdOkfuT5RGUwjrDLf9v5w9fdTJVUjBfLf0gBwt81YWG01SYl9aLPIE3eTRjZ4QUotGuRSjLjvTrZ2eHbIJ3\/n9R7xwhlvLyV3a0CsxXZoUunh59eo1EudtICnjzcVNuo95bQWfv3Qd+av0ELU10rslxvQXOyV4+wViTsh\/kSdm+nVnKUXVW7iqGSBDZ7pVEatxoz2btnYDp2D5BvGxJa9IFqmLtQCl6BKCd0RLubdKt5Y1EDheentotcAxYxFH\/TeFdGqILj0qlCos+0BSBqiDx8JFv7+9JI6\/ouaptpaVWlzRb2FrJqHsV\/xi4tCDRQ+YEI48efceOWUx1DQDppFurzN0NZu+ZCu8fPk6RrHC+bJbPGB5gAIWk5WKEHJWLXrapJ3IvQcxg\/PT1eito8vY6j2JHtFc6joF6cLvvrVnvdrWBoUw4QGyhCWLWCEoQS8l8eOJRj3G46cdR0Qi6fSPFnQfG05BOjn609m41T7MOii0h6a9NA\/IXboYsVenm0TajdiC7ASJ9LqVS\/Hoji4ZTkE69YCSBUxZuAE\/zF9ruXPPlCE1rh5awuXsneSTiVLx2mIbO9oO0raQJ0j\/LGU7gJw9yf7Ot0dTDOjSQPL6lGe7SmU5DelWhe8ye7aRzEGyYJ6s+K5DPaX9UFROzjjy2uF30Sx4gqJk0LXq9\/3b6N5y8tSLZDkd6bw7aCuvdMMBOCYRk54sdMhSx13gVqQPnhjEPiHrRdySTTqt4t0FbkU6ebiQp4sQdOJHJ3\/uArcinYwbPivUWHQeQGTz8HRxlYfGrUgnUuiKla5ahdDjyOgqZFv1dDvS5VyWKaMUncO7A9yOdDoezchcnKQCGPM8DHLmh8ftSCcy5HLAu8sq3i1Jp3NxOh8XIiFLWHuFeZKQcUVshluSTkYVHmXaSYY7lTPyiE0PgVuSTgTKBQRMkjgRIsOCne7olOdD57ak041eplLSsWaGdG8Cf58OPMfZqWS5LenEQmcWriyYhS0TIlGiBPhrR+BHzeVq5FPi1qTLGTHSgFcsXRh7fhR7qRhJhlmy3Zp0GmQ5Kxf6bdVsXzStVd4sLkxrx+1Jvxh5C7kr\/ed0YTvyZO0SvmOeKVkqTGOcNeT2pNNgU1TrcbNXSo57Ha9vsHHRKDM5MbytONLZEL948Qq5vbri+q37kgNOPuzW0GeGM2JCA3Gkvx9kMo8mM2kpkNMhmWJTLLfYgDjSbViUM5OmIpQX5lfmQZuJBQNydcSRbsMgxYkpxezo5IL75WZJiQ6vm4w0qYzPVWPkgxVHumB0yReteB1vycgYVJRitP65dZaRnBguO450iSFeszUMzfv4Sw6+EW5QhrMsaCCOdJkRn7NsM7xHB374lQIeLWfRK1vU\/dZsjri3F0e6nSG1mkwT4RSbpmH1MtwJ+BgC40h3MOoUf76OV0k0iUXHsf8HFE\/\/IIQeVyYAAAAASUVORK5CYII=\" alt=\"\" \/><img loading=\"lazy\" decoding=\"async\" class=\"size-full wp-image-1237 alignleft\" src=\"https:\/\/sbu.uenp.edu.br\/clm\/wp-content\/uploads\/sites\/24\/2024\/12\/Screenshot-2024-12-19-at-15-31-07-PGD-BR.png\" alt=\"\" width=\"125\" height=\"125\" \/>O <strong><a href=\"https:\/\/pgdbr.ibict.br\/\" target=\"_blank\" rel=\"noopener\">PGD-BR<\/a><\/strong> \u00e9 uma iniciativa do Instituto Brasileiro de Informa\u00e7\u00e3o em Ci\u00eancia e Tecnologia (<a href=\"https:\/\/www.gov.br\/ibict\/pt-br\" target=\"_blank\" rel=\"noopener\"><strong>Ibict<\/strong><\/a>) para apoiar pesquisadores e institui\u00e7\u00f5es na organiza\u00e7\u00e3o, armazenamento e compartilhamento de dados cient\u00edficos. A plataforma tem como foco a promo\u00e7\u00e3o de boas pr\u00e1ticas em gest\u00e3o de dados, contribuindo para o avan\u00e7o da ci\u00eancia aberta no Brasil e a maior acessibilidade de informa\u00e7\u00f5es de pesquisa.<\/span><\/p>\n<p><span style=\"font-family: verdana, geneva, sans-serif\">Por meio do <a href=\"https:\/\/pgdbr.ibict.br\/\" target=\"_blank\" rel=\"noopener\"><strong>PGD-BR<\/strong><\/a>, pesquisadores t\u00eam acesso a ferramentas para elaborar Planos de Gest\u00e3o de Dados (PGDs), documentos essenciais que detalham como os dados de uma pesquisa ser\u00e3o coletados, tratados, armazenados e compartilhados. Esses planos ajudam a garantir que os dados sejam organizados de forma eficiente e estejam dispon\u00edveis para reutiliza\u00e7\u00e3o, alinhando-se aos <strong><a href=\"https:\/\/sbu.uenp.edu.br\/clm\/recursos\/ciencia-aberta\/principios-fair\/\" target=\"_blank\" rel=\"noopener\">Princ\u00edpios FAIR<\/a><\/strong>. A plataforma tamb\u00e9m \u00e9 fundamental para atender a exig\u00eancias de financiadores e revistas cient\u00edficas que cada vez mais demandam pr\u00e1ticas robustas de gest\u00e3o de dados.<\/span><\/p>\n<p><span style=\"font-family: verdana, geneva, sans-serif\">A plataforma reflete o compromisso do <a href=\"https:\/\/www.gov.br\/ibict\/pt-br\" target=\"_blank\" rel=\"noopener\"><strong>Ibict<\/strong><\/a> em apoiar a ci\u00eancia aberta, promovendo a transpar\u00eancia, a colabora\u00e7\u00e3o e a inova\u00e7\u00e3o. Ao facilitar o planejamento e o compartilhamento de dados de pesquisa, o <a href=\"https:\/\/pgdbr.ibict.br\/\" target=\"_blank\" rel=\"noopener\"><strong>PGD-BR<\/strong><\/a> contribui para o avan\u00e7o do conhecimento cient\u00edfico no Brasil e sua integra\u00e7\u00e3o aos esfor\u00e7os internacionais. Al\u00e9m disso, a iniciativa fortalece a infraestrutura cient\u00edfica nacional, permitindo que dados gerados por pesquisas financiadas publicamente sejam disponibilizados para o benef\u00edcio da sociedade.<\/span><\/p>\n","protected":false},"excerpt":{"rendered":"","protected":false},"author":4,"featured_media":0,"parent":959,"menu_order":0,"comment_status":"closed","ping_status":"closed","template":"","meta":{"footnotes":""},"class_list":["post-973","page","type-page","status-publish","hentry"],"_links":{"self":[{"href":"https:\/\/sbu.uenp.edu.br\/clm\/wp-json\/wp\/v2\/pages\/973","targetHints":{"allow":["GET"]}}],"collection":[{"href":"https:\/\/sbu.uenp.edu.br\/clm\/wp-json\/wp\/v2\/pages"}],"about":[{"href":"https:\/\/sbu.uenp.edu.br\/clm\/wp-json\/wp\/v2\/types\/page"}],"author":[{"embeddable":true,"href":"https:\/\/sbu.uenp.edu.br\/clm\/wp-json\/wp\/v2\/users\/4"}],"replies":[{"embeddable":true,"href":"https:\/\/sbu.uenp.edu.br\/clm\/wp-json\/wp\/v2\/comments?post=973"}],"version-history":[{"count":5,"href":"https:\/\/sbu.uenp.edu.br\/clm\/wp-json\/wp\/v2\/pages\/973\/revisions"}],"predecessor-version":[{"id":1496,"href":"https:\/\/sbu.uenp.edu.br\/clm\/wp-json\/wp\/v2\/pages\/973\/revisions\/1496"}],"up":[{"embeddable":true,"href":"https:\/\/sbu.uenp.edu.br\/clm\/wp-json\/wp\/v2\/pages\/959"}],"wp:attachment":[{"href":"https:\/\/sbu.uenp.edu.br\/clm\/wp-json\/wp\/v2\/media?parent=973"}],"curies":[{"name":"wp","href":"https:\/\/api.w.org\/{rel}","templated":true}]}}