{"id":959,"date":"2024-10-08T15:10:03","date_gmt":"2024-10-08T18:10:03","guid":{"rendered":"https:\/\/sbu.uenp.edu.br\/clm\/?page_id=959"},"modified":"2025-05-05T09:55:02","modified_gmt":"2025-05-05T12:55:02","slug":"gestao-de-dados","status":"publish","type":"page","link":"https:\/\/sbu.uenp.edu.br\/clm\/orientacoes\/gestao-de-dados\/","title":{"rendered":"Gest\u00e3o de Dados"},"content":{"rendered":"<hr \/>\n<p><span style=\"font-family: verdana, geneva, sans-serif\">A gest\u00e3o de dados \u00e9 um componente crucial para o sucesso de qualquer pesquisa, pois garante a organiza\u00e7\u00e3o, acessibilidade e integridade das informa\u00e7\u00f5es coletadas ao longo do estudo. Um sistema bem estruturado de gest\u00e3o de dados permite que os pesquisadores armazenem e recuperem informa\u00e7\u00f5es de maneira eficiente, o que facilita a an\u00e1lise e a interpreta\u00e7\u00e3o dos resultados. Al\u00e9m disso, uma boa gest\u00e3o ajuda a evitar a perda de dados, problemas de versionamento e erros durante o processo de coleta e tratamento das informa\u00e7\u00f5es.<\/span><\/p>\n<p><span style=\"font-family: verdana, geneva, sans-serif\">Outro aspecto importante \u00e9 a reprodutibilidade e a transpar\u00eancia da pesquisa. A gest\u00e3o adequada de dados permite que outros pesquisadores possam acessar, revisar e replicar os resultados do estudo, aumentando a confiabilidade das descobertas. A ci\u00eancia aberta, que valoriza o compartilhamento de dados, \u00e9 fortalecida por pr\u00e1ticas s\u00f3lidas de gest\u00e3o de dados, promovendo colabora\u00e7\u00f5es mais amplas e disseminando o conhecimento de forma mais eficaz entre a comunidade acad\u00eamica.<\/span><\/p>\n<p><span style=\"font-family: verdana, geneva, sans-serif\">Al\u00e9m disso, a gest\u00e3o de dados est\u00e1 diretamente ligada \u00e0 conformidade \u00e9tica e legal da pesquisa. Muitos financiadores e institui\u00e7\u00f5es exigem que os dados sejam armazenados e disponibilizados de acordo com normas espec\u00edficas para garantir a privacidade e a seguran\u00e7a das informa\u00e7\u00f5es sens\u00edveis. Dessa forma, a gest\u00e3o eficaz dos dados protege os pesquisadores de poss\u00edveis viola\u00e7\u00f5es \u00e9ticas ou jur\u00eddicas e assegura que a pesquisa esteja alinhada com as melhores pr\u00e1ticas do setor.<\/span><\/p>\n","protected":false},"excerpt":{"rendered":"","protected":false},"author":4,"featured_media":0,"parent":33,"menu_order":0,"comment_status":"closed","ping_status":"closed","template":"","meta":{"footnotes":""},"class_list":["post-959","page","type-page","status-publish","hentry"],"_links":{"self":[{"href":"https:\/\/sbu.uenp.edu.br\/clm\/wp-json\/wp\/v2\/pages\/959","targetHints":{"allow":["GET"]}}],"collection":[{"href":"https:\/\/sbu.uenp.edu.br\/clm\/wp-json\/wp\/v2\/pages"}],"about":[{"href":"https:\/\/sbu.uenp.edu.br\/clm\/wp-json\/wp\/v2\/types\/page"}],"author":[{"embeddable":true,"href":"https:\/\/sbu.uenp.edu.br\/clm\/wp-json\/wp\/v2\/users\/4"}],"replies":[{"embeddable":true,"href":"https:\/\/sbu.uenp.edu.br\/clm\/wp-json\/wp\/v2\/comments?post=959"}],"version-history":[{"count":6,"href":"https:\/\/sbu.uenp.edu.br\/clm\/wp-json\/wp\/v2\/pages\/959\/revisions"}],"predecessor-version":[{"id":1495,"href":"https:\/\/sbu.uenp.edu.br\/clm\/wp-json\/wp\/v2\/pages\/959\/revisions\/1495"}],"up":[{"embeddable":true,"href":"https:\/\/sbu.uenp.edu.br\/clm\/wp-json\/wp\/v2\/pages\/33"}],"wp:attachment":[{"href":"https:\/\/sbu.uenp.edu.br\/clm\/wp-json\/wp\/v2\/media?parent=959"}],"curies":[{"name":"wp","href":"https:\/\/api.w.org\/{rel}","templated":true}]}}