{"id":921,"date":"2024-10-04T16:29:20","date_gmt":"2024-10-04T19:29:20","guid":{"rendered":"https:\/\/sbu.uenp.edu.br\/clm\/?page_id=921"},"modified":"2025-05-05T10:23:36","modified_gmt":"2025-05-05T13:23:36","slug":"outras","status":"publish","type":"page","link":"https:\/\/sbu.uenp.edu.br\/clm\/orientacoes\/normas-academicas\/outras\/","title":{"rendered":"Outras"},"content":{"rendered":"<hr \/>\n<p><span style=\"font-family: verdana, geneva, sans-serif\"><a href=\"https:\/\/apastyle.apa.org\/\" target=\"_blank\" rel=\"noopener\"><strong>APA Style<\/strong><\/a><\/span><\/p>\n<p><span style=\"font-family: verdana, geneva, sans-serif\">\u00c9 um conjunto de normas e diretrizes criado pela American Psychological Association (<a href=\"https:\/\/www.apa.org\/\" target=\"_blank\" rel=\"noopener\"><strong>APA<\/strong><\/a>) para a formata\u00e7\u00e3o de documentos acad\u00eamicos e cient\u00edficos. Amplamente utilizado em \u00e1reas como psicologia, ci\u00eancias sociais, educa\u00e7\u00e3o e sa\u00fade, o estilo APA organiza a apresenta\u00e7\u00e3o de ideias de forma clara, consistente e padronizada, facilitando a leitura e a compreens\u00e3o do texto.<\/span><\/p>\n<p><span style=\"font-family: verdana, geneva, sans-serif\">Entre seus principais elementos est\u00e3o:<\/span><\/p>\n<ul style=\"list-style-type: square\">\n<li><span style=\"font-family: verdana, geneva, sans-serif\">Cita\u00e7\u00f5es no corpo do texto, que indicam a fonte das ideias e informa\u00e7\u00f5es (autor, ano, e, em alguns casos, a p\u00e1gina;<\/span><\/li>\n<li><span style=\"font-family: verdana, geneva, sans-serif\">Refer\u00eancias ao final do documento, que fornecem os detalhes completos de todas as fontes citadas;<\/span><\/li>\n<li><span style=\"font-family: verdana, geneva, sans-serif\">Normas espec\u00edficas para o uso de fontes, espa\u00e7amento, margens e par\u00e1grafos, bem como para o uso de tabelas, figuras e gr\u00e1ficos;<\/span><\/li>\n<li><span style=\"font-family: verdana, geneva, sans-serif\">Regras para o uso de linguagem inclusiva e objetiva, promovendo clareza e precis\u00e3o na escrita acad\u00eamica.<\/span><\/li>\n<\/ul>\n<p><span style=\"font-family: verdana, geneva, sans-serif\"><strong>Cita\u00e7\u00e3o direta curta<\/strong> (menos de 40 palavras):<\/span><\/p>\n<blockquote><p><span style=\"font-family: verdana, geneva, sans-serif\">Segundo Silva (2020), &#8220;a educa\u00e7\u00e3o \u00e9 a base para a constru\u00e7\u00e3o de uma sociedade mais justa&#8221; (p. 15).<\/span><\/p><\/blockquote>\n<p><span style=\"font-family: verdana, geneva, sans-serif\"><strong>Cita\u00e7\u00e3o direta longa<\/strong> (mais de 40 palavras \u2013 apresentada em um par\u00e1grafo separado, sem aspas, com recuo de 1,25 cm):<\/span><\/p>\n<blockquote><p><span style=\"font-family: verdana, geneva, sans-serif\">A pesquisa revelou que:<\/span><br \/>\n<span style=\"font-family: verdana, geneva, sans-serif\">A tecnologia tem papel essencial no ensino atual, possibilitando novas formas de intera\u00e7\u00e3o entre alunos e professores, al\u00e9m de facilitar o acesso a conte\u00fados diversificados que enriquecem o aprendizado. (Silva, 2020, p. 22)<\/span><\/p><\/blockquote>\n<p><span style=\"font-family: verdana, geneva, sans-serif\"><strong>Par\u00e1frase<\/strong><\/span><\/p>\n<blockquote><p><span style=\"font-family: verdana, geneva, sans-serif\">A educa\u00e7\u00e3o desempenha um papel fundamental na cria\u00e7\u00e3o de uma sociedade mais equitativa (Silva, 2020)<\/span><\/p><\/blockquote>\n<p><span style=\"font-family: verdana, geneva, sans-serif\"><strong>Refer\u00eancia<\/strong><\/span><\/p>\n<p><span style=\"font-family: verdana, geneva, sans-serif\">De acordo com a 7. ed. edi\u00e7\u00e3o do APA, o formato depende do tipo de fonte usada. Confira alguns exemplos:<\/span><\/p>\n<p><span style=\"font-family: verdana, geneva, sans-serif\"><strong>Artigo de peri\u00f3dico<\/strong><\/span><\/p>\n<blockquote><p><span style=\"font-family: verdana, geneva, sans-serif\">Oliveira, M. R., &amp; Santos, L. P. (2019). A influ\u00eancia da tecnologia no ensino b\u00e1sico. <em>Revista de Educa\u00e7\u00e3o Contempor\u00e2nea<\/em>, 5(2), 45-60. <a target=\"_new\" rel=\"noopener\">https:\/\/doi.org\/10.xxxx\/rev.educacao.2019.0002<\/a><\/span><\/p><\/blockquote>\n<p><span style=\"font-family: verdana, geneva, sans-serif\"><strong>Livro<\/strong><\/span><\/p>\n<blockquote><p><span style=\"font-family: verdana, geneva, sans-serif\">Silva, J. F. (2020). <em>Educa\u00e7\u00e3o e sociedade: Um olhar transformador<\/em>. Editora Aprender.<\/span><\/p><\/blockquote>\n<p><span style=\"font-family: verdana, geneva, sans-serif\"><strong>Site ou p\u00e1gina na web<\/strong><\/span><\/p>\n<blockquote><p><span style=\"font-family: verdana, geneva, sans-serif\">Organiza\u00e7\u00e3o Mundial da Sa\u00fade. (2021). <em>Guia de sa\u00fade mental em tempos de pandemia<\/em>. <a target=\"_new\" rel=\"noopener\">https:\/\/www.oms.org\/saude-mental-pandemia<\/a><\/span><\/p><\/blockquote>\n<p><span style=\"font-family: verdana, geneva, sans-serif\">A APA Style, atualmente em sua 7\u00aa edi\u00e7\u00e3o, visa padronizar a comunica\u00e7\u00e3o acad\u00eamica, garantir a correta atribui\u00e7\u00e3o de cr\u00e9ditos \u00e0s fontes utilizadas e evitar o pl\u00e1gio.<\/span><\/p>\n<p><span style=\"font-family: verdana, geneva, sans-serif\"><a href=\"https:\/\/www.chicagomanualofstyle.org\/home.html\" target=\"_blank\" rel=\"noopener\"><strong>Chicago Style<\/strong><\/a><\/span><\/p>\n<p><span style=\"font-family: verdana, geneva, sans-serif\">O Chicago Style \u00e9 um sistema de formata\u00e7\u00e3o e cita\u00e7\u00e3o amplamente utilizado em trabalhos acad\u00eamicos, especialmente nas \u00e1reas de hist\u00f3ria, artes, literatura e humanidades. Desenvolvido pela University of Chicago Press, ele oferece flexibilidade para se adaptar a diferentes tipos de publica\u00e7\u00f5es e inclui dois principais sistemas de cita\u00e7\u00e3o:<\/span><\/p>\n<p><span style=\"font-family: verdana, geneva, sans-serif\"><strong>Notas e Bibliografia <\/strong>(<em>Notes and Bibliography<\/em>)<\/span><\/p>\n<p><span style=\"font-family: verdana, geneva, sans-serif\">Esse sistema \u00e9 preferido em disciplinas como hist\u00f3ria e humanidades. As fontes s\u00e3o citadas por meio de notas de rodap\u00e9 ou notas de fim, com detalhes adicionais fornecidos em uma bibliografia ao final do texto. Ele permite maior liberdade na apresenta\u00e7\u00e3o de informa\u00e7\u00f5es completas sobre a fonte na nota, como t\u00edtulo, edi\u00e7\u00e3o e editora.<\/span><\/p>\n<p><span style=\"font-family: verdana, geneva, sans-serif\">Exemplo (nota de rodap\u00e9)<\/span><\/p>\n<blockquote><p><span style=\"font-family: verdana, geneva, sans-serif\">\u00b9 John Doe, <strong>A Hist\u00f3ria da Arte<\/strong> (S\u00e3o Paulo: Editora X, 2020), 45.<\/span><\/p><\/blockquote>\n<p><span style=\"font-family: verdana, geneva, sans-serif\">Exemplo (bibliografia)<\/span><\/p>\n<blockquote><p><span style=\"font-family: verdana, geneva, sans-serif\">Doe, John. <strong>A Hist\u00f3ria da Arte<\/strong>. S\u00e3o Paulo: Editora X, 2020.<\/span><\/p><\/blockquote>\n<p><span style=\"font-family: verdana, geneva, sans-serif\"><strong>Autor-Data<\/strong> (<em>Author-Date<\/em>) <\/span><br \/>\n<span style=\"font-family: verdana, geneva, sans-serif\">Esse sistema \u00e9 mais comum em ci\u00eancias sociais e naturais, com cita\u00e7\u00f5es inseridas diretamente no texto (como no estilo APA), seguidas por uma lista de refer\u00eancias detalhadas.<\/span><\/p>\n<p><span style=\"font-family: verdana, geneva, sans-serif\">Exemplo (texto)<\/span><\/p>\n<blockquote><p><span style=\"font-family: verdana, geneva, sans-serif\">(Doe 2020, 45)<\/span><\/p><\/blockquote>\n<p><span style=\"font-family: verdana, geneva, sans-serif\">Exemplo (refer\u00eancia)<\/span><\/p>\n<blockquote><p><span style=\"font-family: verdana, geneva, sans-serif\">Doe, John. 2020. <strong>A Hist\u00f3ria da Arte<\/strong>. S\u00e3o Paulo: Editora X.<\/span><\/p><\/blockquote>\n<p><span style=\"font-family: verdana, geneva, sans-serif\">Al\u00e9m das regras de cita\u00e7\u00e3o, o Chicago Style fornece diretrizes detalhadas para a formata\u00e7\u00e3o de textos, como margens, espa\u00e7amento, formata\u00e7\u00e3o de t\u00edtulos e subt\u00edtulos, e o uso correto de tabelas e ilustra\u00e7\u00f5es. Ele \u00e9 valorizado por sua flexibilidade e detalhamento, permitindo que autores adaptem as regras a diferentes tipos de publica\u00e7\u00f5es e audi\u00eancias.<\/span><\/p>\n<p><span style=\"font-family: verdana, geneva, sans-serif\"><a href=\"https:\/\/www.ncbi.nlm.nih.gov\/books\/NBK7256\/\" target=\"_blank\" rel=\"noopener\"><strong>Vancouver Style<\/strong><\/a><\/span><\/p>\n<p><span style=\"font-family: verdana, geneva, sans-serif\">O Vancouver Style \u00e9 um sistema de cita\u00e7\u00e3o amplamente utilizado em trabalhos cient\u00edficos, especialmente nas \u00e1reas de medicina e ci\u00eancias da sa\u00fade. Desenvolvido pelo International Committee of Medical Journal Editors (ICMJE), ele \u00e9 baseado no uso de n\u00fameros para referenciar as fontes e \u00e9 conhecido por sua simplicidade e objetividade, ideal para textos t\u00e9cnicos e de leitura r\u00e1pida.<\/span><\/p>\n<p><span style=\"font-family: verdana, geneva, sans-serif\"><strong>Sistema num\u00e9rico<\/strong><\/span><\/p>\n<ul style=\"list-style-type: square\">\n<li><span style=\"font-family: verdana, geneva, sans-serif\">As fontes s\u00e3o citadas no texto por n\u00fameros entre par\u00eanteses ou sobrescritos, que correspondem a uma lista de refer\u00eancias numerada ao final do trabalho;<\/span><\/li>\n<li><span style=\"font-family: verdana, geneva, sans-serif\">Os n\u00fameros seguem a ordem em que as fontes aparecem no texto.<\/span><\/li>\n<\/ul>\n<p><span style=\"font-family: verdana, geneva, sans-serif\">Exemplo (no texto)<\/span><\/p>\n<blockquote><p><span style=\"font-family: verdana, geneva, sans-serif\">O avan\u00e7o da tecnologia tem revolucionado a medicina (1). Ou: O avan\u00e7o da tecnologia tem revolucionado a Medicina\u00b9.<\/span><\/p><\/blockquote>\n<p><span style=\"font-family: verdana, geneva, sans-serif\"><strong>Lista de refer\u00eancias numerada<\/strong><\/span><\/p>\n<ul style=\"list-style-type: square\">\n<li><span style=\"font-family: verdana, geneva, sans-serif\">Inclui todos os detalhes das fontes em uma lista ao final do trabalho, organizada na ordem num\u00e9rica em que foram citadas.<\/span><\/li>\n<li><span style=\"font-family: verdana, geneva, sans-serif\">Cada entrada segue um formato padr\u00e3o com informa\u00e7\u00f5es como autor(es), t\u00edtulo, peri\u00f3dico ou livro, ano de publica\u00e7\u00e3o, volume, n\u00famero e p\u00e1ginas.<\/span><\/li>\n<\/ul>\n<p><span style=\"font-family: verdana, geneva, sans-serif\">Exemplo (refer\u00eancia de artigo cient\u00edfico)<\/span><\/p>\n<blockquote><p><span style=\"font-family: verdana, geneva, sans-serif\">Smith J, Brown P. The impact of technology on healthcare. <strong>J Med Res<\/strong>. 2020;45(3):123-9.<\/span><\/p><\/blockquote>\n<p><span style=\"font-family: verdana, geneva, sans-serif\">Exemplo (refer\u00eancia de livro)<\/span><\/p>\n<blockquote><p><span style=\"font-family: verdana, geneva, sans-serif\">Johnson AB. <strong>Advances in Cardiology<\/strong>. 2nd ed. New York: Springer; 2019.<\/span><\/p><\/blockquote>\n<p><span style=\"font-family: verdana, geneva, sans-serif\">O Vancouver Style \u00e9 especialmente valorizado pela praticidade em contextos cient\u00edficos, onde a clareza, a economia de espa\u00e7o e a precis\u00e3o s\u00e3o fundamentais.<\/span><\/p>\n","protected":false},"excerpt":{"rendered":"","protected":false},"author":4,"featured_media":0,"parent":788,"menu_order":0,"comment_status":"closed","ping_status":"closed","template":"","meta":{"footnotes":""},"class_list":["post-921","page","type-page","status-publish","hentry"],"_links":{"self":[{"href":"https:\/\/sbu.uenp.edu.br\/clm\/wp-json\/wp\/v2\/pages\/921","targetHints":{"allow":["GET"]}}],"collection":[{"href":"https:\/\/sbu.uenp.edu.br\/clm\/wp-json\/wp\/v2\/pages"}],"about":[{"href":"https:\/\/sbu.uenp.edu.br\/clm\/wp-json\/wp\/v2\/types\/page"}],"author":[{"embeddable":true,"href":"https:\/\/sbu.uenp.edu.br\/clm\/wp-json\/wp\/v2\/users\/4"}],"replies":[{"embeddable":true,"href":"https:\/\/sbu.uenp.edu.br\/clm\/wp-json\/wp\/v2\/comments?post=921"}],"version-history":[{"count":9,"href":"https:\/\/sbu.uenp.edu.br\/clm\/wp-json\/wp\/v2\/pages\/921\/revisions"}],"predecessor-version":[{"id":1503,"href":"https:\/\/sbu.uenp.edu.br\/clm\/wp-json\/wp\/v2\/pages\/921\/revisions\/1503"}],"up":[{"embeddable":true,"href":"https:\/\/sbu.uenp.edu.br\/clm\/wp-json\/wp\/v2\/pages\/788"}],"wp:attachment":[{"href":"https:\/\/sbu.uenp.edu.br\/clm\/wp-json\/wp\/v2\/media?parent=921"}],"curies":[{"name":"wp","href":"https:\/\/api.w.org\/{rel}","templated":true}]}}