{"id":774,"date":"2024-09-27T09:43:33","date_gmt":"2024-09-27T12:43:33","guid":{"rendered":"https:\/\/sbu.uenp.edu.br\/clm\/?page_id=774"},"modified":"2025-05-05T08:46:57","modified_gmt":"2025-05-05T11:46:57","slug":"ciencias-da-saude","status":"publish","type":"page","link":"https:\/\/sbu.uenp.edu.br\/clm\/fontes\/bases-de-dados\/ciencias-da-saude\/","title":{"rendered":"Ci\u00eancias da Sa\u00fade"},"content":{"rendered":"<hr \/>\n<ul id=\"_MKAd7LxJJDaesK\" dir=\"ltr\" style=\"list-style-type: square\">\n<li id=\"_RVIvB9XmMrEBSY\" dir=\"ltr\"><span style=\"font-family: verdana, geneva, sans-serif\">Biblioteca Virtual em Aten\u00e7\u00e3o Prim\u00e1ria em Sa\u00fade (<strong><a href=\"https:\/\/aps.bvs.br\" target=\"_blank\" rel=\"noopener\">BVS-APS<\/a><\/strong>)<\/span><\/li>\n<li dir=\"ltr\"><span style=\"font-family: verdana, geneva, sans-serif\">Biblioteca Virtual em Sa\u00fade (<strong><a href=\"https:\/\/bvsalud.org\/\" target=\"_blank\" rel=\"noopener\">BVS<\/a><\/strong>)<\/span><\/li>\n<li dir=\"ltr\"><span style=\"font-family: verdana, geneva, sans-serif\">L<span class=\"hide-on-med-and-down\">it<\/span>S<span class=\"hide-on-med-and-down\">ense<\/span> (<a href=\"https:\/\/www.ncbi.nlm.nih.gov\/research\/litsense\/\" target=\"_blank\" rel=\"noopener\"><strong>LS<\/strong><\/a>)<\/span><\/li>\n<li dir=\"ltr\"><span style=\"font-family: verdana, geneva, sans-serif\">Reposit\u00f3rio de Estrat\u00e9gias de Busca da BVS (<strong><a href=\"https:\/\/bvsalud.org\/queries\/\" target=\"_blank\" rel=\"noopener\">RefNet<\/a><\/strong>)<\/span><\/li>\n<\/ul>\n","protected":false},"excerpt":{"rendered":"","protected":false},"author":4,"featured_media":0,"parent":148,"menu_order":0,"comment_status":"closed","ping_status":"closed","template":"","meta":{"footnotes":""},"class_list":["post-774","page","type-page","status-publish","hentry"],"_links":{"self":[{"href":"https:\/\/sbu.uenp.edu.br\/clm\/wp-json\/wp\/v2\/pages\/774","targetHints":{"allow":["GET"]}}],"collection":[{"href":"https:\/\/sbu.uenp.edu.br\/clm\/wp-json\/wp\/v2\/pages"}],"about":[{"href":"https:\/\/sbu.uenp.edu.br\/clm\/wp-json\/wp\/v2\/types\/page"}],"author":[{"embeddable":true,"href":"https:\/\/sbu.uenp.edu.br\/clm\/wp-json\/wp\/v2\/users\/4"}],"replies":[{"embeddable":true,"href":"https:\/\/sbu.uenp.edu.br\/clm\/wp-json\/wp\/v2\/comments?post=774"}],"version-history":[{"count":4,"href":"https:\/\/sbu.uenp.edu.br\/clm\/wp-json\/wp\/v2\/pages\/774\/revisions"}],"predecessor-version":[{"id":1466,"href":"https:\/\/sbu.uenp.edu.br\/clm\/wp-json\/wp\/v2\/pages\/774\/revisions\/1466"}],"up":[{"embeddable":true,"href":"https:\/\/sbu.uenp.edu.br\/clm\/wp-json\/wp\/v2\/pages\/148"}],"wp:attachment":[{"href":"https:\/\/sbu.uenp.edu.br\/clm\/wp-json\/wp\/v2\/media?parent=774"}],"curies":[{"name":"wp","href":"https:\/\/api.w.org\/{rel}","templated":true}]}}