{"id":772,"date":"2024-09-27T09:43:04","date_gmt":"2024-09-27T12:43:04","guid":{"rendered":"https:\/\/sbu.uenp.edu.br\/clm\/?page_id=772"},"modified":"2025-05-05T08:46:34","modified_gmt":"2025-05-05T11:46:34","slug":"ciencias-biologicas","status":"publish","type":"page","link":"https:\/\/sbu.uenp.edu.br\/clm\/fontes\/bases-de-dados\/ciencias-biologicas\/","title":{"rendered":"Ci\u00eancias Biol\u00f3gicas"},"content":{"rendered":"<hr \/>\n<ul style=\"list-style-type: square\">\n<li><span style=\"font-family: verdana, geneva, sans-serif\">Barcode of Life Data Systems (<a href=\"https:\/\/www.boldsystems.org\/\" target=\"_blank\" rel=\"noopener\"><strong>BOLD<\/strong><\/a>)<\/span><\/li>\n<li><span style=\"font-family: verdana, geneva, sans-serif\">Base de Dados Bibliogr\u00e1fica das Plantas Nativas Usadas pelos Brasileiros (<strong><a href=\"https:\/\/www.dataplamt.org.br\" target=\"_blank\" rel=\"noopener\">Dataplamt<\/a><\/strong>)<\/span><\/li>\n<li><span style=\"font-family: verdana, geneva, sans-serif\">EMBL&#8217;s European Bioinformatics Institute (<a href=\"https:\/\/www.ebi.ac.uk\/\" target=\"_blank\" rel=\"noopener\"><strong>EMBL-EBI<\/strong><\/a>)<\/span><\/li>\n<li><span style=\"font-family: verdana, geneva, sans-serif\">Global Biodiversity Information Facility (<strong><a href=\"https:\/\/www.gbif.org\/pt\/\" target=\"_blank\" rel=\"noopener\">GBIF<\/a><\/strong>)<\/span><\/li>\n<li dir=\"ltr\"><span style=\"font-family: verdana, geneva, sans-serif\">National Center for Biotechnology Information (<a href=\"https:\/\/www.ncbi.nlm.nih.gov\/\" target=\"_blank\" rel=\"noopener\"><strong>NCBI<\/strong><\/a>)<\/span><\/li>\n<li dir=\"ltr\"><span class=\"yt-core-attributed-string yt-core-attributed-string--white-space-pre-wrap\" dir=\"auto\" style=\"font-family: verdana, geneva, sans-serif\" role=\"text\">Sistema de Cole\u00e7\u00f5es Cient\u00edficas (<a href=\"https:\/\/rbr.jbrj.gov.br\/v3\/consulta.php\" target=\"_blank\" rel=\"noopener\"><strong>JABOT<\/strong><\/a>)<\/span><\/li>\n<li id=\"_uHh7ZV8KXcchZS\" dir=\"ltr\"><span style=\"font-family: verdana, geneva, sans-serif\">Sistema de Informa\u00e7\u00e3o sobre a Biodiversidade Brasileira (<strong><a href=\"https:\/\/sibbr.gov.br\/\" target=\"_blank\" rel=\"noopener\">SiBBr<\/a><\/strong>)<\/span><\/li>\n<li id=\"_BrJNtoFzU7o0CL\" dir=\"ltr\"><span style=\"font-family: verdana, geneva, sans-serif\">Zebrafish Information Network (<a href=\"https:\/\/zfin.org\/\" target=\"_blank\" rel=\"noopener\"><strong>ZFIN<\/strong><\/a>)<\/span><\/li>\n<\/ul>\n","protected":false},"excerpt":{"rendered":"","protected":false},"author":4,"featured_media":0,"parent":148,"menu_order":0,"comment_status":"closed","ping_status":"closed","template":"","meta":{"footnotes":""},"class_list":["post-772","page","type-page","status-publish","hentry"],"_links":{"self":[{"href":"https:\/\/sbu.uenp.edu.br\/clm\/wp-json\/wp\/v2\/pages\/772","targetHints":{"allow":["GET"]}}],"collection":[{"href":"https:\/\/sbu.uenp.edu.br\/clm\/wp-json\/wp\/v2\/pages"}],"about":[{"href":"https:\/\/sbu.uenp.edu.br\/clm\/wp-json\/wp\/v2\/types\/page"}],"author":[{"embeddable":true,"href":"https:\/\/sbu.uenp.edu.br\/clm\/wp-json\/wp\/v2\/users\/4"}],"replies":[{"embeddable":true,"href":"https:\/\/sbu.uenp.edu.br\/clm\/wp-json\/wp\/v2\/comments?post=772"}],"version-history":[{"count":7,"href":"https:\/\/sbu.uenp.edu.br\/clm\/wp-json\/wp\/v2\/pages\/772\/revisions"}],"predecessor-version":[{"id":1465,"href":"https:\/\/sbu.uenp.edu.br\/clm\/wp-json\/wp\/v2\/pages\/772\/revisions\/1465"}],"up":[{"embeddable":true,"href":"https:\/\/sbu.uenp.edu.br\/clm\/wp-json\/wp\/v2\/pages\/148"}],"wp:attachment":[{"href":"https:\/\/sbu.uenp.edu.br\/clm\/wp-json\/wp\/v2\/media?parent=772"}],"curies":[{"name":"wp","href":"https:\/\/api.w.org\/{rel}","templated":true}]}}