{"id":759,"date":"2024-09-27T09:14:01","date_gmt":"2024-09-27T12:14:01","guid":{"rendered":"https:\/\/sbu.uenp.edu.br\/clm\/?page_id=759"},"modified":"2026-02-09T16:10:03","modified_gmt":"2026-02-09T19:10:03","slug":"ciencias-biologicas","status":"publish","type":"page","link":"https:\/\/sbu.uenp.edu.br\/clm\/fontes\/periodicos\/ciencias-biologicas\/","title":{"rendered":"Ci\u00eancias Biol\u00f3gicas"},"content":{"rendered":"<hr \/>\n<ul>\n<li dir=\"ltr\"><span style=\"font-family: verdana, geneva, sans-serif\">Acta Botanica Brasilica (<strong><a href=\"https:\/\/www.scielo.br\/j\/abb\/\" target=\"_blank\" rel=\"noopener\">ABB<\/a><\/strong>)<\/span><\/li>\n<li dir=\"ltr\"><span style=\"font-family: verdana, geneva, sans-serif\">Biota Neotropica (<a href=\"https:\/\/www.scielo.br\/j\/bn\/\" target=\"_blank\" rel=\"noopener\"><strong>BION<\/strong><\/a>)<\/span><\/li>\n<li id=\"_uHh7ZV8KXcchZS\" dir=\"ltr\"><span style=\"font-family: verdana, geneva, sans-serif\">Brazilian Journal of Biology (<strong><a href=\"https:\/\/www.scielo.br\/j\/bjb\/\" target=\"_blank\" rel=\"noopener\">BJB<\/a><\/strong>)<\/span><\/li>\n<li dir=\"ltr\"><span style=\"font-family: verdana, geneva, sans-serif\">Ecology and Evolution (<strong><a href=\"https:\/\/onlinelibrary.wiley.com\/journal\/20457758\" target=\"_blank\" rel=\"noopener\">ECEV<\/a><\/strong>)<\/span><\/li>\n<li dir=\"ltr\"><span style=\"font-family: verdana, geneva, sans-serif\">Genetics and Molecular Biology (<strong><a href=\"https:\/\/www.scielo.br\/j\/gmb\/\" target=\"_blank\" rel=\"noopener\">GMB<\/a><\/strong>)<\/span><\/li>\n<li dir=\"ltr\"><span style=\"font-family: verdana, geneva, sans-serif\">Nauplius (<strong><a href=\"https:\/\/www.scielo.br\/j\/nau\/\" target=\"_blank\" rel=\"noopener\">Nau<\/a><\/strong>)<\/span><\/li>\n<li dir=\"ltr\"><span style=\"font-family: verdana, geneva, sans-serif\">Revista Brasileira de Entomologia (<a href=\"https:\/\/www.scielo.br\/j\/rbent\/\" target=\"_blank\" rel=\"noopener\"><strong>RBENT<\/strong><\/a>)<\/span><\/li>\n<li dir=\"ltr\"><span style=\"font-family: verdana, geneva, sans-serif\">Zoologia: an International Journal for Zoology (<a href=\"https:\/\/www.scielo.br\/j\/zool\/\" target=\"_blank\" rel=\"noopener\"><strong>Zoo<\/strong><\/a>)<\/span><\/li>\n<\/ul>\n<p><span style=\"font-family: verdana, geneva, sans-serif\">Conhece algum peri\u00f3dico que deveria estar em nossa lista? Se sim, envie sua sugest\u00e3o para an\u00e1lise do nosso bibliotec\u00e1rio pelo e-mail: <a href=\"mailto:coordenacao.biblioteca.clm@uenp.edu.br\" target=\"_blank\" rel=\"noopener\"><strong>coordenacao.biblioteca.clm@uenp.edu.br<\/strong><\/a><\/span><\/p>\n","protected":false},"excerpt":{"rendered":"","protected":false},"author":4,"featured_media":0,"parent":497,"menu_order":0,"comment_status":"closed","ping_status":"closed","template":"","meta":{"footnotes":""},"class_list":["post-759","page","type-page","status-publish","hentry"],"_links":{"self":[{"href":"https:\/\/sbu.uenp.edu.br\/clm\/wp-json\/wp\/v2\/pages\/759","targetHints":{"allow":["GET"]}}],"collection":[{"href":"https:\/\/sbu.uenp.edu.br\/clm\/wp-json\/wp\/v2\/pages"}],"about":[{"href":"https:\/\/sbu.uenp.edu.br\/clm\/wp-json\/wp\/v2\/types\/page"}],"author":[{"embeddable":true,"href":"https:\/\/sbu.uenp.edu.br\/clm\/wp-json\/wp\/v2\/users\/4"}],"replies":[{"embeddable":true,"href":"https:\/\/sbu.uenp.edu.br\/clm\/wp-json\/wp\/v2\/comments?post=759"}],"version-history":[{"count":5,"href":"https:\/\/sbu.uenp.edu.br\/clm\/wp-json\/wp\/v2\/pages\/759\/revisions"}],"predecessor-version":[{"id":1971,"href":"https:\/\/sbu.uenp.edu.br\/clm\/wp-json\/wp\/v2\/pages\/759\/revisions\/1971"}],"up":[{"embeddable":true,"href":"https:\/\/sbu.uenp.edu.br\/clm\/wp-json\/wp\/v2\/pages\/497"}],"wp:attachment":[{"href":"https:\/\/sbu.uenp.edu.br\/clm\/wp-json\/wp\/v2\/media?parent=759"}],"curies":[{"name":"wp","href":"https:\/\/api.w.org\/{rel}","templated":true}]}}