{"id":687,"date":"2024-09-25T10:22:21","date_gmt":"2024-09-25T13:22:21","guid":{"rendered":"https:\/\/sbu.uenp.edu.br\/clm\/?page_id=687"},"modified":"2025-05-05T10:59:17","modified_gmt":"2025-05-05T13:59:17","slug":"publicacoes-predatorias","status":"publish","type":"page","link":"https:\/\/sbu.uenp.edu.br\/clm\/orientacoes\/publicacoes-predatorias\/","title":{"rendered":"Publica\u00e7\u00f5es Predat\u00f3rias"},"content":{"rendered":"<hr \/>\n<p><span style=\"font-family: verdana, geneva, sans-serif\">Publica\u00e7\u00f5es predat\u00f3rias s\u00e3o peri\u00f3dicos ou editoras que se aproveitam do modelo de acesso aberto para cobrar taxas de publica\u00e7\u00e3o de autores sem oferecer os padr\u00f5es de qualidade e transpar\u00eancia esperados em uma publica\u00e7\u00e3o cient\u00edfica s\u00e9ria. Essas publica\u00e7\u00f5es frequentemente n\u00e3o realizam uma revis\u00e3o por pares adequada, publicam artigos sem crit\u00e9rios rigorosos e, em muitos casos, t\u00eam como \u00fanico objetivo o lucro, desconsiderando a credibilidade cient\u00edfica. Isso representa um risco tanto para os pesquisadores, que podem ter sua reputa\u00e7\u00e3o prejudicada, quanto para a ci\u00eancia, ao disseminar trabalhos de baixa qualidade.<\/span><\/p>\n<p><span style=\"font-family: verdana, geneva, sans-serif\">Uma das caracter\u00edsticas mais comuns das publica\u00e7\u00f5es predat\u00f3rias \u00e9 a abordagem agressiva aos pesquisadores, enviando convites frequentes para submiss\u00e3o de artigos ou para integrar conselhos editoriais sem crit\u00e9rios claros. Al\u00e9m disso, essas revistas costumam oferecer prazos de publica\u00e7\u00e3o muito curtos e taxas elevadas de processamento de artigos, denominadas de <a href=\"https:\/\/cad.capes.gov.br\/ato-administrativo-detalhar?idAtoAdmElastic=14902#anchor\" target=\"_blank\" rel=\"noopener\"><strong><em>Article Processing Charge<\/em><\/strong><\/a> (<a href=\"https:\/\/cad.capes.gov.br\/ato-administrativo-detalhar?idAtoAdmElastic=14902#anchor\" target=\"_blank\" rel=\"noopener\"><strong>APC<\/strong><\/a>), sem garantir que o artigo passar\u00e1 por uma avalia\u00e7\u00e3o rigorosa. Muitas vezes, esses peri\u00f3dicos imitam o layout e o nome de revistas respeit\u00e1veis, o que pode enganar pesquisadores menos experientes.<\/span><\/p>\n<p><span style=\"font-family: verdana, geneva, sans-serif\">Para evitar publica\u00e7\u00f5es predat\u00f3rias, \u00e9 importante que os pesquisadores fiquem atentos a alguns sinais de alerta. Entre eles, est\u00e3o a aus\u00eancia de informa\u00e7\u00f5es claras sobre o processo de revis\u00e3o por pares, a falta de transpar\u00eancia sobre a taxa de publica\u00e7\u00e3o e o fato de a revista n\u00e3o estar indexada em bases de dados reconhecidas, como <a href=\"https:\/\/www-scopus-com.ez398.periodicos.capes.gov.br\/search\/form.uri?display=basic#basic\" target=\"_blank\" rel=\"noopener\"><strong>Scopus<\/strong><\/a>, <a href=\"https:\/\/www-webofscience-com.ez398.periodicos.capes.gov.br\/wos\/woscc\/basic-search\" target=\"_blank\" rel=\"noopener\"><strong>Web of Science<\/strong><\/a> ou <a href=\"https:\/\/doaj.org\/\" target=\"_blank\" rel=\"noopener\"><strong>DOAJ<\/strong><\/a>. Al\u00e9m disso, revistas predat\u00f3rias geralmente possuem um conselho editorial fict\u00edcio ou com nomes de pesquisadores sem v\u00ednculo leg\u00edtimo, e muitas vezes apresentam erros gramaticais e gr\u00e1ficos em seu site. Pesquisar sobre a reputa\u00e7\u00e3o do peri\u00f3dico e verificar se ele est\u00e1 listado em servi\u00e7os como o <a href=\"https:\/\/beallslist.net\/\" target=\"_blank\" rel=\"noopener\"><strong>Beall\u2019s List<\/strong><\/a>, que re\u00fane exemplos de publica\u00e7\u00f5es predat\u00f3rias, s\u00e3o passos essenciais para evitar esse tipo de armadilha.<\/span><\/p>\n<p><span style=\"font-family: verdana, geneva, sans-serif\">A escolha criteriosa do peri\u00f3dico \u00e9 fundamental para garantir a qualidade e a visibilidade da pesquisa. A publica\u00e7\u00e3o em revistas predat\u00f3rias pode resultar na exclus\u00e3o do artigo das bases de dados acad\u00eamicas respeitadas, al\u00e9m de prejudicar a reputa\u00e7\u00e3o do pesquisador e a confiabilidade de sua produ\u00e7\u00e3o cient\u00edfica. Assim, \u00e9 fundamental que autores verifiquem a legitimidade da revista antes de submeter seu trabalho, certificando-se de que est\u00e3o contribuindo para o avan\u00e7o da ci\u00eancia de forma \u00e9tica e transparente.<\/span><\/p>\n","protected":false},"excerpt":{"rendered":"","protected":false},"author":4,"featured_media":0,"parent":33,"menu_order":0,"comment_status":"closed","ping_status":"closed","template":"","meta":{"footnotes":""},"class_list":["post-687","page","type-page","status-publish","hentry"],"_links":{"self":[{"href":"https:\/\/sbu.uenp.edu.br\/clm\/wp-json\/wp\/v2\/pages\/687","targetHints":{"allow":["GET"]}}],"collection":[{"href":"https:\/\/sbu.uenp.edu.br\/clm\/wp-json\/wp\/v2\/pages"}],"about":[{"href":"https:\/\/sbu.uenp.edu.br\/clm\/wp-json\/wp\/v2\/types\/page"}],"author":[{"embeddable":true,"href":"https:\/\/sbu.uenp.edu.br\/clm\/wp-json\/wp\/v2\/users\/4"}],"replies":[{"embeddable":true,"href":"https:\/\/sbu.uenp.edu.br\/clm\/wp-json\/wp\/v2\/comments?post=687"}],"version-history":[{"count":4,"href":"https:\/\/sbu.uenp.edu.br\/clm\/wp-json\/wp\/v2\/pages\/687\/revisions"}],"predecessor-version":[{"id":1508,"href":"https:\/\/sbu.uenp.edu.br\/clm\/wp-json\/wp\/v2\/pages\/687\/revisions\/1508"}],"up":[{"embeddable":true,"href":"https:\/\/sbu.uenp.edu.br\/clm\/wp-json\/wp\/v2\/pages\/33"}],"wp:attachment":[{"href":"https:\/\/sbu.uenp.edu.br\/clm\/wp-json\/wp\/v2\/media?parent=687"}],"curies":[{"name":"wp","href":"https:\/\/api.w.org\/{rel}","templated":true}]}}