{"id":546,"date":"2024-09-19T20:46:37","date_gmt":"2024-09-19T23:46:37","guid":{"rendered":"https:\/\/sbu.uenp.edu.br\/clm\/?page_id=546"},"modified":"2025-05-05T11:00:57","modified_gmt":"2025-05-05T14:00:57","slug":"recursos","status":"publish","type":"page","link":"https:\/\/sbu.uenp.edu.br\/clm\/recursos\/","title":{"rendered":"Recursos"},"content":{"rendered":"<hr \/>\n<p><span style=\"font-family: verdana, geneva, sans-serif\">A UENP apoia a produ\u00e7\u00e3o e a dissemina\u00e7\u00e3o do conhecimento cient\u00edfico por meio da promo\u00e7\u00e3o de boas pr\u00e1ticas em pesquisa. Nesta se\u00e7\u00e3o, reunimos recursos e ferramentas essenciais que contribuem para uma ci\u00eancia mais aberta, acess\u00edvel e respons\u00e1vel.<\/span><\/p>\n<p><span style=\"font-family: verdana, geneva, sans-serif\"><strong><a href=\"https:\/\/sbu.uenp.edu.br\/clm\/recursos\/ciencia-aberta\/\" target=\"_blank\" rel=\"noopener\">Ci\u00eancia Aberta<\/a><br \/>\n<\/strong><\/span><\/p>\n<p><span style=\"font-family: verdana, geneva, sans-serif\">A <a href=\"https:\/\/sbu.uenp.edu.br\/clm\/recursos\/ciencia-aberta\/\" target=\"_blank\" rel=\"noopener\"><strong>Ci\u00eancia Aberta<\/strong><\/a> busca tornar o processo cient\u00edfico mais transparente, colaborativo e acess\u00edvel a todos. Isso inclui:<\/span><\/p>\n<ul>\n<li><span style=\"font-family: verdana, geneva, sans-serif\"><a href=\"https:\/\/sbu.uenp.edu.br\/clm\/recursos\/ciencia-aberta\/ciencia-cidada\/\" target=\"_blank\" rel=\"noopener\"><strong>Ci\u00eancia Cidad\u00e3<\/strong><\/a>: envolvimento de cidad\u00e3os comuns na coleta, an\u00e1lise e dissemina\u00e7\u00e3o de dados cient\u00edficos. Projetos colaborativos fortalecem a rela\u00e7\u00e3o entre ci\u00eancia e sociedade.<\/span><\/li>\n<li><span style=\"font-family: verdana, geneva, sans-serif\"><a href=\"https:\/\/sbu.uenp.edu.br\/clm\/recursos\/ciencia-aberta\/principios-fair\/\" target=\"_blank\" rel=\"noopener\"><strong>Princ\u00edpios FAIR<\/strong><\/a>: Diretrizes para garantir que dados cient\u00edficos sejam Find\u00e1veis, Acess\u00edveis, Interoper\u00e1veis e Reutiliz\u00e1veis, promovendo maior reprodutibilidade e confian\u00e7a na ci\u00eancia.<\/span><\/li>\n<\/ul>\n<p><span style=\"font-family: verdana, geneva, sans-serif\"><a href=\"https:\/\/sbu.uenp.edu.br\/clm\/recursos\/curriculo-lattes\/\" target=\"_blank\" rel=\"noopener\"><strong>Curr\u00edculo Lattes<\/strong><\/a><\/span><\/p>\n<p><span style=\"font-family: verdana, geneva, sans-serif\">O <a href=\"https:\/\/sbu.uenp.edu.br\/clm\/recursos\/curriculo-lattes\/\" target=\"_blank\" rel=\"noopener\"><strong>Curr\u00edculo Lattes<\/strong><\/a>, mantido pelo CNPq, \u00e9 a principal plataforma para registro da trajet\u00f3ria acad\u00eamica e profissional de pesquisadores no Brasil. Ter um curr\u00edculo atualizado \u00e9 fundamental para participa\u00e7\u00e3o em projetos, editais e publica\u00e7\u00f5es cient\u00edficas.<\/span><\/p>\n<p><span style=\"font-family: verdana, geneva, sans-serif\"><strong>Organizar suas fontes e gerar refer\u00eancias de forma automatizada facilita muito o trabalho acad\u00eamico. Recomendamos:<\/strong><\/span><\/p>\n<ul>\n<li><span style=\"font-family: verdana, geneva, sans-serif\"><a href=\"https:\/\/sbu.uenp.edu.br\/clm\/recursos\/gerenciadores-de-referencias\/mendeley\/\" target=\"_blank\" rel=\"noopener\"><strong>Mendeley<\/strong><\/a>: Ferramenta que permite salvar, organizar e citar artigos com facilidade. Integra com editores de texto como o Word.<\/span><\/li>\n<li><span style=\"font-family: verdana, geneva, sans-serif\"><a href=\"https:\/\/sbu.uenp.edu.br\/clm\/recursos\/gerenciadores-de-referencias\/zotero\/\" target=\"_blank\" rel=\"noopener\"><strong>Zotero<\/strong><\/a>: Gerenciador de refer\u00eancias gratuito e de c\u00f3digo aberto, ideal para armazenar e organizar fontes de diversas origens.<\/span><\/li>\n<\/ul>\n<p><span style=\"font-family: verdana, geneva, sans-serif\"><strong>Identificadores Persistentes<\/strong><\/span><\/p>\n<p><span style=\"font-family: verdana, geneva, sans-serif\">Esses identificadores garantem a rastreabilidade e a integridade das informa\u00e7\u00f5es acad\u00eamicas:<\/span><\/p>\n<ul>\n<li><span style=\"font-family: verdana, geneva, sans-serif\"><strong>Digital Object Identifier (<a href=\"https:\/\/sbu.uenp.edu.br\/clm\/recursos\/identificadores-persistentes\/doi\/\" target=\"_blank\" rel=\"noopener\">DOI<\/a>)<\/strong>: usado para identificar artigos cient\u00edficos e outros objetos digitais de forma \u00fanica e permanente.<\/span><\/li>\n<li><span style=\"font-family: verdana, geneva, sans-serif\"><a href=\"https:\/\/sbu.uenp.edu.br\/clm\/recursos\/identificadores-persistentes\/orcid\/\" target=\"_blank\" rel=\"noopener\"><strong>ORCID<\/strong><\/a>: Um identificador \u00fanico para autores, que permite integrar sua produ\u00e7\u00e3o cient\u00edfica em diferentes plataformas.<\/span><\/li>\n<li><span style=\"font-family: verdana, geneva, sans-serif\"><strong>Research Organization Registry (<a href=\"https:\/\/sbu.uenp.edu.br\/clm\/recursos\/identificadores-persistentes\/ror\/\" target=\"_blank\" rel=\"noopener\">ROR<\/a>)<\/strong>: Identificador global de institui\u00e7\u00f5es de pesquisa, promovendo padroniza\u00e7\u00e3o e precis\u00e3o nos dados de afilia\u00e7\u00e3o.<\/span><\/li>\n<\/ul>\n<p><span style=\"font-family: verdana, geneva, sans-serif\"><strong><a href=\"https:\/\/sbu.uenp.edu.br\/clm\/recursos\/riuenp\/\" target=\"_blank\" rel=\"noopener\">Riuenp<\/a> \u2013 Reposit\u00f3rio Institucional da UENP<\/strong><\/span><\/p>\n<p><span style=\"font-family: verdana, geneva, sans-serif\">O <a href=\"https:\/\/sbu.uenp.edu.br\/clm\/recursos\/riuenp\/\" target=\"_blank\" rel=\"noopener\"><strong>Riuenp<\/strong><\/a> \u00e9 o reposit\u00f3rio digital da Universidade, onde s\u00e3o armazenadas e divulgadas as produ\u00e7\u00f5es cient\u00edficas e acad\u00eamicas da comunidade universit\u00e1ria. Ele promove o acesso aberto ao conhecimento e fortalece a visibilidade da pesquisa institucional.<\/span><br \/>\n<span style=\"font-family: verdana, geneva, sans-serif\">Acesse a plataforma <strong>Riuenp: <a href=\"https:\/\/repositorio.uenp.edu.br\/\" target=\"_blank\" rel=\"noopener\">aqui<\/a>.<\/strong><\/span><\/p>\n<p><span style=\"font-family: verdana, geneva, sans-serif\"><strong>Similaridade e Integridade Acad\u00eamica<\/strong><\/span><\/p>\n<p><span style=\"font-family: verdana, geneva, sans-serif\">O uso de ferramentas de detec\u00e7\u00e3o de similaridade contribui para a preven\u00e7\u00e3o do pl\u00e1gio e garante a originalidade dos trabalhos acad\u00eamicos. A UENP estimula pr\u00e1ticas \u00e9ticas na produ\u00e7\u00e3o do conhecimento e oferece apoio para o uso consciente dessas tecnologias.<\/span><\/p>\n","protected":false},"excerpt":{"rendered":"","protected":false},"author":4,"featured_media":0,"parent":0,"menu_order":0,"comment_status":"closed","ping_status":"closed","template":"","meta":{"footnotes":""},"class_list":["post-546","page","type-page","status-publish","hentry"],"_links":{"self":[{"href":"https:\/\/sbu.uenp.edu.br\/clm\/wp-json\/wp\/v2\/pages\/546","targetHints":{"allow":["GET"]}}],"collection":[{"href":"https:\/\/sbu.uenp.edu.br\/clm\/wp-json\/wp\/v2\/pages"}],"about":[{"href":"https:\/\/sbu.uenp.edu.br\/clm\/wp-json\/wp\/v2\/types\/page"}],"author":[{"embeddable":true,"href":"https:\/\/sbu.uenp.edu.br\/clm\/wp-json\/wp\/v2\/users\/4"}],"replies":[{"embeddable":true,"href":"https:\/\/sbu.uenp.edu.br\/clm\/wp-json\/wp\/v2\/comments?post=546"}],"version-history":[{"count":8,"href":"https:\/\/sbu.uenp.edu.br\/clm\/wp-json\/wp\/v2\/pages\/546\/revisions"}],"predecessor-version":[{"id":1511,"href":"https:\/\/sbu.uenp.edu.br\/clm\/wp-json\/wp\/v2\/pages\/546\/revisions\/1511"}],"wp:attachment":[{"href":"https:\/\/sbu.uenp.edu.br\/clm\/wp-json\/wp\/v2\/media?parent=546"}],"curies":[{"name":"wp","href":"https:\/\/api.w.org\/{rel}","templated":true}]}}