{"id":544,"date":"2024-09-19T20:45:44","date_gmt":"2024-09-19T23:45:44","guid":{"rendered":"https:\/\/sbu.uenp.edu.br\/clm\/?page_id=544"},"modified":"2025-05-05T10:22:39","modified_gmt":"2025-05-05T13:22:39","slug":"resumos","status":"publish","type":"page","link":"https:\/\/sbu.uenp.edu.br\/clm\/orientacoes\/normas-academicas\/abnt\/resumos\/","title":{"rendered":"Resumos"},"content":{"rendered":"<hr \/>\n<p><span style=\"font-family: verdana, geneva, sans-serif\">A norma ABNT NBR 6028 (2021) estabelece diretrizes para a elabora\u00e7\u00e3o de resumos, resenhas e recens\u00f5es. No caso dos resumos, a norma define duas categorias principais: o resumo indicativo, que destaca apenas os principais pontos de um documento sem detalhar dados espec\u00edficos, e o resumo informativo, que oferece um panorama abrangente das finalidades, metodologia, resultados e conclus\u00f5es do documento, dispensando, em alguns casos, a consulta ao original.<\/span><\/p>\n<p><span style=\"font-family: verdana, geneva, sans-serif\">A norma ABNT NBR 6028 (2021) apresenta dois tipos principais de resumo:<\/span><\/p>\n<ol>\n<li><span style=\"font-family: verdana, geneva, sans-serif\"><strong>Resumo indicativo<\/strong>: esse tipo de resumo destaca os pontos principais do documento sem fornecer detalhes espec\u00edficos, como dados qualitativos ou quantitativos. Ele serve para indicar o conte\u00fado geral e as principais ideias do texto, mas geralmente exige que o leitor consulte o documento original para obter informa\u00e7\u00f5es mais completas.<\/span><\/li>\n<li><span style=\"font-family: verdana, geneva, sans-serif\"><strong>Resumo informativo<\/strong>: diferente do indicativo, o resumo informativo \u00e9 mais detalhado, pois apresenta informa\u00e7\u00f5es sobre os objetivos, metodologia, resultados e conclus\u00f5es do documento. Esse tipo de resumo pode fornecer uma compreens\u00e3o suficiente para que, em muitos casos, dispense a consulta ao texto original.<\/span><\/li>\n<\/ol>\n<p><span style=\"font-family: verdana, geneva, sans-serif\">Esses tipos de resumo permitem adaptar o conte\u00fado de acordo com o prop\u00f3sito do documento e a necessidade de informa\u00e7\u00f5es do leitor.<\/span><\/p>\n<p><span style=\"font-family: verdana, geneva, sans-serif\">A norma ABNT NBR 6028 (2021) tamb\u00e9m define o que seriam a <strong>resenha<\/strong> e a <strong>recens\u00e3o<\/strong>. Segundo a norma, elas seriam an\u00e1lises que compartilham semelhan\u00e7as, mas com algumas diferen\u00e7as em foco e profundidade. Veja as defini\u00e7\u00f5es:<\/span><\/p>\n<ol>\n<li><span style=\"font-family: verdana, geneva, sans-serif\"><strong>Resenha<\/strong>: \u00e9 uma an\u00e1lise do conte\u00fado de um documento, objeto, fato ou evento. A resenha descreve e avalia aspectos importantes do material analisado, oferecendo uma vis\u00e3o geral que permite ao leitor entender os principais pontos e caracter\u00edsticas do conte\u00fado. Embora seja um texto cr\u00edtico, a resenha tende a ser menos profunda que a recens\u00e3o e geralmente fornece uma an\u00e1lise acess\u00edvel a um p\u00fablico mais amplo.<\/span><\/li>\n<li><span style=\"font-family: verdana, geneva, sans-serif\"><strong>Recens\u00e3o<\/strong>: a recens\u00e3o \u00e9 uma an\u00e1lise cr\u00edtica, descritiva e\/ou comparativa, que geralmente \u00e9 elaborada por um especialista. Ela tende a ser mais aprofundada e t\u00e9cnica que a resenha, oferecendo uma avalia\u00e7\u00e3o detalhada do conte\u00fado, podendo incluir compara\u00e7\u00f5es com outros trabalhos e um julgamento mais especializado.<\/span><\/li>\n<\/ol>\n<p><span style=\"font-family: verdana, geneva, sans-serif\">Ambos os textos devem ser concisos e estruturados sem t\u00f3picos enumerados, mas a recens\u00e3o \u00e9 mais voltada a leitores que buscam uma an\u00e1lise cr\u00edtica extensa e criteriosa.<\/span><\/p>\n<p><span style=\"font-family: verdana, geneva, sans-serif\"><strong>Refer\u00eancia normativa<\/strong><\/span><\/p>\n<p><span style=\"font-family: verdana, geneva, sans-serif\">ASSOCIA\u00c7\u00c3O BRASILEIRA DE NORMAS T\u00c9CNICAS. <b>ABNT NBR 6028<\/b>: Informa\u00e7\u00e3o e documenta\u00e7\u00e3o: resumo, resenha e recens\u00e3o: apresenta\u00e7\u00e3o. Rio de Janeiro: ABNT, 2021.<\/span><\/p>\n","protected":false},"excerpt":{"rendered":"","protected":false},"author":4,"featured_media":0,"parent":790,"menu_order":0,"comment_status":"closed","ping_status":"closed","template":"","meta":{"footnotes":""},"class_list":["post-544","page","type-page","status-publish","hentry"],"_links":{"self":[{"href":"https:\/\/sbu.uenp.edu.br\/clm\/wp-json\/wp\/v2\/pages\/544","targetHints":{"allow":["GET"]}}],"collection":[{"href":"https:\/\/sbu.uenp.edu.br\/clm\/wp-json\/wp\/v2\/pages"}],"about":[{"href":"https:\/\/sbu.uenp.edu.br\/clm\/wp-json\/wp\/v2\/types\/page"}],"author":[{"embeddable":true,"href":"https:\/\/sbu.uenp.edu.br\/clm\/wp-json\/wp\/v2\/users\/4"}],"replies":[{"embeddable":true,"href":"https:\/\/sbu.uenp.edu.br\/clm\/wp-json\/wp\/v2\/comments?post=544"}],"version-history":[{"count":5,"href":"https:\/\/sbu.uenp.edu.br\/clm\/wp-json\/wp\/v2\/pages\/544\/revisions"}],"predecessor-version":[{"id":1079,"href":"https:\/\/sbu.uenp.edu.br\/clm\/wp-json\/wp\/v2\/pages\/544\/revisions\/1079"}],"up":[{"embeddable":true,"href":"https:\/\/sbu.uenp.edu.br\/clm\/wp-json\/wp\/v2\/pages\/790"}],"wp:attachment":[{"href":"https:\/\/sbu.uenp.edu.br\/clm\/wp-json\/wp\/v2\/media?parent=544"}],"curies":[{"name":"wp","href":"https:\/\/api.w.org\/{rel}","templated":true}]}}