{"id":517,"date":"2024-09-19T20:20:27","date_gmt":"2024-09-19T23:20:27","guid":{"rendered":"https:\/\/sbu.uenp.edu.br\/clm\/?page_id=517"},"modified":"2025-08-21T09:27:33","modified_gmt":"2025-08-21T12:27:33","slug":"recursos-educacionais-abertos","status":"publish","type":"page","link":"https:\/\/sbu.uenp.edu.br\/clm\/fontes\/recursos-educacionais-abertos\/","title":{"rendered":"Recursos Educacionais Abertos"},"content":{"rendered":"<hr \/>\n<p><span style=\"font-family: verdana, geneva, sans-serif\">Os Recursos Educacionais Abertos (REA) s\u00e3o materiais de ensino, aprendizado e pesquisa disponibilizados de forma livre, permitindo que qualquer pessoa possa acessar, utilizar, adaptar e compartilhar. Eles incluem uma ampla variedade de formatos, como textos, v\u00eddeos, slides, softwares e at\u00e9 cursos completos, que podem ser utilizados para aprimorar o processo de ensino e aprendizagem. Ao fomentar os REA, a biblioteca busca democratizar o acesso ao conhecimento, fornecendo conte\u00fados gratuitos e de qualidade para a comunidade acad\u00eamica.<\/span><\/p>\n<p><span style=\"font-family: verdana, geneva, sans-serif\">Esses recursos oferecem grandes vantagens para discentes e docentes, pois permitem uma maior flexibilidade no uso de materiais did\u00e1ticos. Professores podem adaptar os conte\u00fados \u00e0s suas necessidades pedag\u00f3gicas, personalizando o material para diferentes contextos e turmas. Al\u00e9m disso, os REA incentivam a colabora\u00e7\u00e3o e a inova\u00e7\u00e3o no ensino, j\u00e1 que qualquer pessoa pode contribuir com novos recursos ou melhorias nos materiais j\u00e1 existentes.<\/span><\/p>\n<p><span style=\"font-family: verdana, geneva, sans-serif\">Esses recursos podem ser utilizados tanto no ambiente acad\u00eamico quanto para o aprendizado autodirigido. A BCLM tamb\u00e9m oferece suporte para ajudar os usu\u00e1rios a explorar, adaptar e compartilhar esses materiais de forma \u00e9tica e respons\u00e1vel, garantindo que todos possam se beneficiar do potencial educativo dos REA.<\/span><\/p>\n<p><span style=\"font-family: verdana, geneva, sans-serif\"><strong>Acesse tamb\u00e9m<\/strong><\/span><\/p>\n<ul style=\"list-style-type: square\">\n<li><span style=\"font-family: verdana, geneva, sans-serif\"><a href=\"http:\/\/educ.ar\" target=\"_blank\" rel=\"noopener\">educ.ar<\/a> | Secretar\u00eda de Educaci\u00f3n<\/span><\/li>\n<li><span style=\"font-family: verdana, geneva, sans-serif\"><a href=\"https:\/\/educare.fiocruz.br\/\" target=\"_blank\" rel=\"noopener\">Educare<\/a> | Fiocruz\/OPAS<\/span><\/li>\n<li><span style=\"font-family: verdana, geneva, sans-serif\"><a href=\"https:\/\/educapes.capes.gov.br\/\" target=\"_blank\" rel=\"noopener\">eduCAPES<\/a> | Coordena\u00e7\u00e3o de Aperfei\u00e7oamento de Pessoal de N\u00edvel Superior<\/span><\/li>\n<li><span style=\"font-family: verdana, geneva, sans-serif\"><a href=\"https:\/\/mecred.mec.gov.br\/biblioteca\" target=\"_blank\" rel=\"noopener\">MEC RED<\/a> | Minist\u00e9rio da Educa\u00e7\u00e3o<\/span><\/li>\n<li><span style=\"font-family: verdana, geneva, sans-serif\"><a href=\"https:\/\/oercommons.org\/\" target=\"_blank\" rel=\"noopener\">Open Educational Resources<\/a> (OER) | Institute for the Study of Knowledge Management in Education (ISKME)<\/span><\/li>\n<li><span style=\"font-family: verdana, geneva, sans-serif\"><a href=\"https:\/\/ocw.mit.edu\/\" target=\"_blank\" rel=\"noopener\">OpenCourseWare<\/a> | Massachusetts Institute of Technology (MIT)<\/span><\/li>\n<\/ul>\n<p><span style=\"font-family: verdana, geneva, sans-serif\">\u00a0<\/span><\/p>\n","protected":false},"excerpt":{"rendered":"","protected":false},"author":4,"featured_media":0,"parent":490,"menu_order":0,"comment_status":"closed","ping_status":"closed","template":"","meta":{"footnotes":""},"class_list":["post-517","page","type-page","status-publish","hentry"],"_links":{"self":[{"href":"https:\/\/sbu.uenp.edu.br\/clm\/wp-json\/wp\/v2\/pages\/517","targetHints":{"allow":["GET"]}}],"collection":[{"href":"https:\/\/sbu.uenp.edu.br\/clm\/wp-json\/wp\/v2\/pages"}],"about":[{"href":"https:\/\/sbu.uenp.edu.br\/clm\/wp-json\/wp\/v2\/types\/page"}],"author":[{"embeddable":true,"href":"https:\/\/sbu.uenp.edu.br\/clm\/wp-json\/wp\/v2\/users\/4"}],"replies":[{"embeddable":true,"href":"https:\/\/sbu.uenp.edu.br\/clm\/wp-json\/wp\/v2\/comments?post=517"}],"version-history":[{"count":3,"href":"https:\/\/sbu.uenp.edu.br\/clm\/wp-json\/wp\/v2\/pages\/517\/revisions"}],"predecessor-version":[{"id":1876,"href":"https:\/\/sbu.uenp.edu.br\/clm\/wp-json\/wp\/v2\/pages\/517\/revisions\/1876"}],"up":[{"embeddable":true,"href":"https:\/\/sbu.uenp.edu.br\/clm\/wp-json\/wp\/v2\/pages\/490"}],"wp:attachment":[{"href":"https:\/\/sbu.uenp.edu.br\/clm\/wp-json\/wp\/v2\/media?parent=517"}],"curies":[{"name":"wp","href":"https:\/\/api.w.org\/{rel}","templated":true}]}}