{"id":504,"date":"2024-09-19T19:48:21","date_gmt":"2024-09-19T22:48:21","guid":{"rendered":"https:\/\/sbu.uenp.edu.br\/clm\/?page_id=504"},"modified":"2025-05-05T09:45:16","modified_gmt":"2025-05-05T12:45:16","slug":"repositorios-de-dados","status":"publish","type":"page","link":"https:\/\/sbu.uenp.edu.br\/clm\/fontes\/repositorios-digitais\/repositorios-de-dados\/","title":{"rendered":"Reposit\u00f3rios de Dados"},"content":{"rendered":"<hr \/>\n<p><span style=\"font-family: verdana, geneva, sans-serif\">A BCLM apresenta a seguir, algumas alternativas de reposit\u00f3rios de dados confi\u00e1veis. Confira:<\/span><\/p>\n<p><span style=\"font-family: verdana, geneva, sans-serif\"><a href=\"https:\/\/deposita.ibict.br\/\"><img loading=\"lazy\" decoding=\"async\" class=\"size-medium wp-image-744 alignleft\" src=\"https:\/\/sbu.uenp.edu.br\/clm\/wp-content\/uploads\/sites\/24\/2024\/09\/logo-deposita-300x106.png\" alt=\"\" width=\"300\" height=\"106\" srcset=\"https:\/\/sbu.uenp.edu.br\/clm\/wp-content\/uploads\/sites\/24\/2024\/09\/logo-deposita-300x106.png 300w, https:\/\/sbu.uenp.edu.br\/clm\/wp-content\/uploads\/sites\/24\/2024\/09\/logo-deposita.png 587w\" sizes=\"auto, (max-width: 300px) 100vw, 300px\" \/><\/a><a href=\"https:\/\/deposita.ibict.br\/\" target=\"_blank\" rel=\"noopener\"><strong>Deposita<\/strong><\/a>: \u00e9 uma plataforma brasileira de dep\u00f3sito e compartilhamento de dados de pesquisa, desenvolvida pelo Instituto Brasileiro de Informa\u00e7\u00e3o em Ci\u00eancia e Tecnologia (<strong><a href=\"https:\/\/www.gov.br\/ibict\/pt-br\" target=\"_blank\" rel=\"noopener\">Ibict<\/a><\/strong>). A plataforma oferece um espa\u00e7o gratuito e acess\u00edvel para pesquisadores armazenarem e disponibilizarem seus dados, contribuindo para a promo\u00e7\u00e3o da ci\u00eancia aberta no Brasil. Os usu\u00e1rios podem depositar conjuntos de dados, documentos e outros produtos de pesquisa, assegurando a preserva\u00e7\u00e3o e o acesso a esses materiais por meio da atribui\u00e7\u00e3o de identificadores digitais persistentes (<a href=\"https:\/\/www.doi.org\/\" target=\"_blank\" rel=\"noopener\"><strong>DOI<\/strong><\/a>s). O Deposita visa facilitar a transpar\u00eancia e a reutiliza\u00e7\u00e3o de dados cient\u00edficos, al\u00e9m de apoiar as pol\u00edticas de fomento \u00e0 pesquisa que exigem o compartilhamento de dados.<\/span><\/p>\n<p><span style=\"font-family: verdana, geneva, sans-serif\"><strong><a href=\"https:\/\/figshare.com\/\"><img loading=\"lazy\" decoding=\"async\" class=\"size-medium wp-image-743 alignright\" src=\"https:\/\/sbu.uenp.edu.br\/clm\/wp-content\/uploads\/sites\/24\/2024\/09\/figshare-logo-300x93.png\" alt=\"\" width=\"300\" height=\"93\" srcset=\"https:\/\/sbu.uenp.edu.br\/clm\/wp-content\/uploads\/sites\/24\/2024\/09\/figshare-logo-300x93.png 300w, https:\/\/sbu.uenp.edu.br\/clm\/wp-content\/uploads\/sites\/24\/2024\/09\/figshare-logo.png 404w\" sizes=\"auto, (max-width: 300px) 100vw, 300px\" \/><\/a><\/strong><strong><a href=\"https:\/\/figshare.com\/\" target=\"_blank\" rel=\"noopener\">Figshare<\/a><\/strong>: \u00e9 uma plataforma online que permite que pesquisadores armazenem, compartilhem e publiquem resultados de pesquisa em diversos formatos, incluindo dados, artigos, apresenta\u00e7\u00f5es, v\u00eddeos e imagens. Oferecendo um espa\u00e7o gratuito com acesso aberto, o Figshare facilita a dissemina\u00e7\u00e3o de conte\u00fados cient\u00edficos, atribuindo identificadores digitais persistentes (<a href=\"https:\/\/www.doi.org\/\" target=\"_blank\" rel=\"noopener\"><strong>DOI<\/strong><\/a>s) para cada item publicado, o que garante a cita\u00e7\u00e3o e a rastreabilidade dos dados. A plataforma promove a ci\u00eancia aberta, permitindo a publica\u00e7\u00e3o de materiais que nem sempre s\u00e3o aceitos por peri\u00f3dicos tradicionais, como conjuntos de dados brutos ou relat\u00f3rios t\u00e9cnicos, ajudando a aumentar a transpar\u00eancia e a reutiliza\u00e7\u00e3o de informa\u00e7\u00f5es cient\u00edficas.<\/span><\/p>\n<p><span style=\"font-family: verdana, geneva, sans-serif\"><strong><a href=\"https:\/\/zenodo.org\/\"><img loading=\"lazy\" decoding=\"async\" class=\"size-medium wp-image-742 alignleft\" src=\"https:\/\/sbu.uenp.edu.br\/clm\/wp-content\/uploads\/sites\/24\/2024\/09\/zenodo-logo-300x167.png\" alt=\"\" width=\"300\" height=\"167\" srcset=\"https:\/\/sbu.uenp.edu.br\/clm\/wp-content\/uploads\/sites\/24\/2024\/09\/zenodo-logo-300x167.png 300w, https:\/\/sbu.uenp.edu.br\/clm\/wp-content\/uploads\/sites\/24\/2024\/09\/zenodo-logo-768x427.png 768w, https:\/\/sbu.uenp.edu.br\/clm\/wp-content\/uploads\/sites\/24\/2024\/09\/zenodo-logo-800x445.png 800w, https:\/\/sbu.uenp.edu.br\/clm\/wp-content\/uploads\/sites\/24\/2024\/09\/zenodo-logo.png 900w\" sizes=\"auto, (max-width: 300px) 100vw, 300px\" \/><\/a><\/strong><strong><a href=\"https:\/\/zenodo.org\/\" target=\"_blank\" rel=\"noopener\">Zenodo<\/a><\/strong>: \u00e9 uma plataforma digital de acesso aberto criada pelo <a href=\"https:\/\/openscience.cern\/\" target=\"_blank\" rel=\"noopener\"><strong>CERN<\/strong><\/a> e desenvolvida no contexto do projeto europeu <a href=\"https:\/\/www.openaire.eu\/\" target=\"_blank\" rel=\"noopener\"><strong>OpenAIRE<\/strong><\/a>. Seu principal objetivo \u00e9 fornecer um reposit\u00f3rio seguro e gratuito para a publica\u00e7\u00e3o e preserva\u00e7\u00e3o de diferentes tipos de dados e materiais de pesquisa, incluindo artigos, conjuntos de dados, software e relat\u00f3rios. O Zenodo oferece uma alternativa acess\u00edvel para pesquisadores que desejam compartilhar seus trabalhos de forma p\u00fablica, atribuindo identificadores digitais persistentes (<a href=\"https:\/\/www.doi.org\/\" target=\"_blank\" rel=\"noopener\"><strong>DOI<\/strong><\/a>s) para garantir a cita\u00e7\u00e3o adequada e a longevidade dos dados. A plataforma apoia a ci\u00eancia aberta e facilita a dissemina\u00e7\u00e3o do conhecimento em diversas disciplinas, promovendo a reutiliza\u00e7\u00e3o dos resultados de pesquisas.<\/span><\/p>\n","protected":false},"excerpt":{"rendered":"","protected":false},"author":4,"featured_media":0,"parent":940,"menu_order":0,"comment_status":"closed","ping_status":"closed","template":"","meta":{"footnotes":""},"class_list":["post-504","page","type-page","status-publish","hentry"],"_links":{"self":[{"href":"https:\/\/sbu.uenp.edu.br\/clm\/wp-json\/wp\/v2\/pages\/504","targetHints":{"allow":["GET"]}}],"collection":[{"href":"https:\/\/sbu.uenp.edu.br\/clm\/wp-json\/wp\/v2\/pages"}],"about":[{"href":"https:\/\/sbu.uenp.edu.br\/clm\/wp-json\/wp\/v2\/types\/page"}],"author":[{"embeddable":true,"href":"https:\/\/sbu.uenp.edu.br\/clm\/wp-json\/wp\/v2\/users\/4"}],"replies":[{"embeddable":true,"href":"https:\/\/sbu.uenp.edu.br\/clm\/wp-json\/wp\/v2\/comments?post=504"}],"version-history":[{"count":6,"href":"https:\/\/sbu.uenp.edu.br\/clm\/wp-json\/wp\/v2\/pages\/504\/revisions"}],"predecessor-version":[{"id":1483,"href":"https:\/\/sbu.uenp.edu.br\/clm\/wp-json\/wp\/v2\/pages\/504\/revisions\/1483"}],"up":[{"embeddable":true,"href":"https:\/\/sbu.uenp.edu.br\/clm\/wp-json\/wp\/v2\/pages\/940"}],"wp:attachment":[{"href":"https:\/\/sbu.uenp.edu.br\/clm\/wp-json\/wp\/v2\/media?parent=504"}],"curies":[{"name":"wp","href":"https:\/\/api.w.org\/{rel}","templated":true}]}}