{"id":270,"date":"2024-09-13T14:54:45","date_gmt":"2024-09-13T17:54:45","guid":{"rendered":"https:\/\/sbu.uenp.edu.br\/clm\/?page_id=270"},"modified":"2025-05-05T09:50:48","modified_gmt":"2025-05-05T12:50:48","slug":"bibliografias","status":"publish","type":"page","link":"https:\/\/sbu.uenp.edu.br\/clm\/orientacoes\/bibliografias\/","title":{"rendered":"Bibliografias"},"content":{"rendered":"<hr \/>\n<p><span style=\"font-family: verdana, geneva, sans-serif\">Ao elaborar a bibliografia de um curso ou disciplina, o Instituto Nacional de Estudos e Pesquisas Educacionais &#8220;An\u00edsio Teixeira&#8221; (<a href=\"https:\/\/www.gov.br\/inep\/pt-br\" target=\"_blank\" rel=\"noopener\"><strong>Inep<\/strong><\/a>) orienta que a bibliografia b\u00e1sica e complementar devem ser cuidadosamente organizadas, garantindo que atendam aos objetivos do curso e estejam alinhadas \u00e0s compet\u00eancias e habilidades que os alunos devem desenvolver. A bibliografia b\u00e1sica deve conter os principais textos que oferecem uma vis\u00e3o abrangente sobre os conte\u00fados essenciais da disciplina, proporcionando uma base s\u00f3lida para o aprendizado. Estes textos devem ser de f\u00e1cil acesso, atualizados e condizentes com a carga hor\u00e1ria proposta.<\/span><\/p>\n<p><span style=\"font-family: verdana, geneva, sans-serif\">J\u00e1 a bibliografia complementar deve expandir o conhecimento dos estudantes, oferecendo obras que complementem os conte\u00fados trabalhados em sala de aula. Esses materiais podem incluir leituras adicionais, artigos cient\u00edficos, relat\u00f3rios t\u00e9cnicos, legisla\u00e7\u00f5es e publica\u00e7\u00f5es de relev\u00e2ncia que ajudem os alunos a aprofundar ou diversificar o entendimento sobre os temas abordados. Al\u00e9m disso, as bibliografias complementares podem conter obras que incentivem a pesquisa e o desenvolvimento de novas ideias, contribuindo para a forma\u00e7\u00e3o cr\u00edtica e aut\u00f4noma dos alunos.<\/span><\/p>\n<p><span style=\"font-family: verdana, geneva, sans-serif\">\u00c9 importante que ambas as bibliografias, b\u00e1sica e complementar, sejam revisadas e atualizadas regularmente, conforme novas publica\u00e7\u00f5es e avan\u00e7os no campo do conhecimento. As obras recomendadas devem estar dispon\u00edveis para os alunos, seja em formato f\u00edsico ou digital, garantindo acessibilidade a todos. O Inep tamb\u00e9m recomenda que o n\u00famero de exemplares na Biblioteca seja suficiente para atender a demanda dos alunos, especialmente no caso das obras indicadas como parte da bibliografia b\u00e1sica.<\/span><\/p>\n","protected":false},"excerpt":{"rendered":"","protected":false},"author":4,"featured_media":0,"parent":33,"menu_order":0,"comment_status":"closed","ping_status":"closed","template":"","meta":{"footnotes":""},"class_list":["post-270","page","type-page","status-publish","hentry"],"_links":{"self":[{"href":"https:\/\/sbu.uenp.edu.br\/clm\/wp-json\/wp\/v2\/pages\/270","targetHints":{"allow":["GET"]}}],"collection":[{"href":"https:\/\/sbu.uenp.edu.br\/clm\/wp-json\/wp\/v2\/pages"}],"about":[{"href":"https:\/\/sbu.uenp.edu.br\/clm\/wp-json\/wp\/v2\/types\/page"}],"author":[{"embeddable":true,"href":"https:\/\/sbu.uenp.edu.br\/clm\/wp-json\/wp\/v2\/users\/4"}],"replies":[{"embeddable":true,"href":"https:\/\/sbu.uenp.edu.br\/clm\/wp-json\/wp\/v2\/comments?post=270"}],"version-history":[{"count":6,"href":"https:\/\/sbu.uenp.edu.br\/clm\/wp-json\/wp\/v2\/pages\/270\/revisions"}],"predecessor-version":[{"id":1489,"href":"https:\/\/sbu.uenp.edu.br\/clm\/wp-json\/wp\/v2\/pages\/270\/revisions\/1489"}],"up":[{"embeddable":true,"href":"https:\/\/sbu.uenp.edu.br\/clm\/wp-json\/wp\/v2\/pages\/33"}],"wp:attachment":[{"href":"https:\/\/sbu.uenp.edu.br\/clm\/wp-json\/wp\/v2\/media?parent=270"}],"curies":[{"name":"wp","href":"https:\/\/api.w.org\/{rel}","templated":true}]}}