{"id":257,"date":"2024-09-13T11:48:59","date_gmt":"2024-09-13T14:48:59","guid":{"rendered":"https:\/\/sbu.uenp.edu.br\/clm\/?page_id=257"},"modified":"2026-02-09T10:55:43","modified_gmt":"2026-02-09T13:55:43","slug":"doacoes","status":"publish","type":"page","link":"https:\/\/sbu.uenp.edu.br\/clm\/orientacoes\/doacoes\/","title":{"rendered":"Doa\u00e7\u00f5es"},"content":{"rendered":"<hr \/>\n<p><span style=\"font-family: verdana, geneva, sans-serif\">Conforme a <strong><a href=\"https:\/\/sbu.uenp.edu.br\/clm\/normativas\/politica-de-desenvolvimento-de-colecoes\/\" target=\"_blank\" rel=\"noopener\">Pol\u00edtica de Desenvolvimento de Cole\u00e7\u00f5es da UENP<\/a><\/strong>, as bibliotecas da UENP poder\u00e3o receber materiais oriundos de doa\u00e7\u00e3o, de pessoa f\u00edsica ou jur\u00eddica, por solicita\u00e7\u00e3o da pr\u00f3pria Institui\u00e7\u00e3o ou doa\u00e7\u00f5es voluntariamente oferecidas \u00e0 biblioteca.<\/span><\/p>\n<p><span style=\"font-family: verdana, geneva, sans-serif\">No ato presencial do recebimento dos materiais, a biblioteca dever\u00e1 solicitar ao doador o preenchimento do Termo de Doa\u00e7\u00e3o, anexando a ele a lista de materiais recebidos por doa\u00e7\u00e3o.<\/span><\/p>\n<p><span style=\"font-family: verdana, geneva, sans-serif\">Caso o material seja relevante para ser incorporado ao acervo, a apresenta\u00e7\u00e3o e entrega dos itens a serem doados deve ser realizada, exclusivamente, nas bibliotecas das unidades e entregues aos servidores do setor.<\/span><\/p>\n<p><span style=\"font-family: verdana, geneva, sans-serif\">Para doa\u00e7\u00f5es de materiais em quantidade superior a 50 (cinquenta) itens\/exemplares, antes de apresentar o material \u00e0 biblioteca, \u00e9 necess\u00e1rio entrar em contato, por canais oficiais, com o respons\u00e1vel pela biblioteca onde se deseja doar, <\/span><span style=\"font-family: verdana, geneva, sans-serif\">manifestando o interesse pela doa\u00e7\u00e3o e combinando uma data para apresenta\u00e7\u00e3o.<\/span><\/p>\n<p><span style=\"font-family: verdana, geneva, sans-serif\"><strong>N\u00e3o ser\u00e3o aceitos<\/strong><\/span><\/p>\n<ul style=\"list-style-type: square\">\n<li><span style=\"font-family: verdana, geneva, sans-serif\">Exemplares j\u00e1 existentes no acervo da biblioteca em quantidade suficiente;<\/span><\/li>\n<li><span style=\"font-family: verdana, geneva, sans-serif\">Materiais danificados ou em mau estado de conserva\u00e7\u00e3o;<\/span><\/li>\n<li><span style=\"font-family: verdana, geneva, sans-serif\">Materiais em suportes obsoletos para os quais a biblioteca n\u00e3o possua equipamento para acessar seu conte\u00fado;<\/span><\/li>\n<li><span style=\"font-family: verdana, geneva, sans-serif\">Materiais gr\u00e1ficos publicados: cartazes, postais ilustrados, registros de santos, estampas e gravuras, adesivos etc;<\/span><\/li>\n<li><span style=\"font-family: verdana, geneva, sans-serif\">Materiais publicados h\u00e1 mais de seis anos cujo conte\u00fado esteja desatualizado e n\u00e3o possua valor hist\u00f3rico;<\/span><\/li>\n<li><span style=\"font-family: verdana, geneva, sans-serif\">Objetos, de natureza n\u00e3o-documental, cuja fun\u00e7\u00e3o prim\u00e1ria n\u00e3o \u00e9 registrar e transmitir informa\u00e7\u00e3o;<\/span><\/li>\n<li><span style=\"font-family: verdana, geneva, sans-serif\">Recursos defeituosos, danificados, incompletos;<\/span><\/li>\n<li><span style=\"font-family: verdana, geneva, sans-serif\">Recursos em m\u00eddia desatualizada: fitas cassetes, LPs, disquetes, fitas de v\u00eddeo etc.;<\/span><\/li>\n<li><span style=\"font-family: verdana, geneva, sans-serif\">Xerox de material bibliogr\u00e1fico, de acordo com o artigo 29 da Lei n\u00b0 9.610, de 19 de fevereiro de 1998 (Lei sobre Direitos Autorais).<\/span><\/li>\n<\/ul>\n<p><span style=\"font-family: verdana, geneva, sans-serif\"><strong>Poder\u00e3o ser aceitos<\/strong><\/span><\/p>\n<p><span style=\"font-family: verdana, geneva, sans-serif\">Os materiais que estiverem de acordo com os seguintes crit\u00e9rios qualitativos:<\/span><\/p>\n<ul style=\"list-style-type: square\">\n<li><span style=\"font-family: verdana, geneva, sans-serif\">Acesso: compatibilidade dos recursos aos dispositivos eletr\u00f4nicos da biblioteca;<\/span><\/li>\n<li><span style=\"font-family: verdana, geneva, sans-serif\">Atualidade do conte\u00fado: adequa\u00e7\u00e3o do conte\u00fado abordado no material aos assuntos vigentes nas respectivas \u00e1reas de conhecimento;<\/span><\/li>\n<li><span style=\"font-family: verdana, geneva, sans-serif\">Autoridade: qualidade do material a partir da respeitabilidade dos autores, editores, tradutores;<\/span><\/li>\n<li><span style=\"font-family: verdana, geneva, sans-serif\">Cobertura: deve-se verificar se a obra possui o n\u00edvel de vocabul\u00e1rio e conhecimento compat\u00edvel ao conhecimento t\u00e9cnico dos usu\u00e1rios da UENP;<\/span><\/li>\n<li><span style=\"font-family: verdana, geneva, sans-serif\">Custo: o custo da aquisi\u00e7\u00e3o do material est\u00e1 de acordo com verba dispon\u00edvel para a biblioteca;<\/span><\/li>\n<li><span style=\"font-family: verdana, geneva, sans-serif\">Durabilidade: obsolesc\u00eancia do formato;<\/span><\/li>\n<li><span style=\"font-family: verdana, geneva, sans-serif\">Idioma: o bibliotec\u00e1rio respons\u00e1vel deve ter conhecimento, por meio do estudo de comunidade, qual l\u00edngua \u00e9 acess\u00edvel e compreens\u00edvel aos usu\u00e1rios;<\/span><\/li>\n<li><span style=\"font-family: verdana, geneva, sans-serif\">Imparcialidade: os assuntos devem ser apresentados de forma justa, sem a exist\u00eancia de preconceitos;<\/span><\/li>\n<li><span style=\"font-family: verdana, geneva, sans-serif\">Precis\u00e3o: exatid\u00e3o e rigor nos assuntos abordados;<\/span><\/li>\n<li><span style=\"font-family: verdana, geneva, sans-serif\">Relev\u00e2ncia\/interesse: por meio do estudo de comunidade, o bibliotec\u00e1rio deve julgar qual a utilidade do t\u00edtulo para o campus e tamb\u00e9m deve considerar as cole\u00e7\u00f5es que j\u00e1 existem na biblioteca;<\/span><\/li>\n<li><span style=\"font-family: verdana, geneva, sans-serif\">Suporte: o bibliotec\u00e1rio deve observar o tipo de suporte do material e a viabilidade do mesmo.<\/span><\/li>\n<\/ul>\n<p><span style=\"font-family: verdana, geneva, sans-serif\">Caso tenha interesse em realizar uma doa\u00e7\u00e3o que esteja em conformidade com a nota PDC citada anteriormente, preencha o nosso <strong><a href=\"https:\/\/forms.gle\/cHbUUHG79gJDfYb98\" target=\"_blank\" rel=\"noopener\">formul\u00e1rio de sele\u00e7\u00e3o de doa\u00e7\u00f5es<\/a><\/strong>, para que o bibliotec\u00e1rio fa\u00e7a uma an\u00e1lise dos materiais candidatos \u00e0 doa\u00e7\u00e3o. <\/span><\/p>\n<p><span style=\"font-family: verdana, geneva, sans-serif\">Em caso de d\u00favidas, entre em contato pelo seguinte endere\u00e7o: <strong><a href=\"mailto:coordenacao.biblioteca.clm@uenp.edu.br\" target=\"_blank\" rel=\"noopener\">coordenacao.biblioteca.clm@uenp.edu.br<\/a><\/strong>.<\/span><\/p>\n","protected":false},"excerpt":{"rendered":"","protected":false},"author":4,"featured_media":0,"parent":33,"menu_order":0,"comment_status":"closed","ping_status":"closed","template":"","meta":{"footnotes":""},"class_list":["post-257","page","type-page","status-publish","hentry"],"_links":{"self":[{"href":"https:\/\/sbu.uenp.edu.br\/clm\/wp-json\/wp\/v2\/pages\/257","targetHints":{"allow":["GET"]}}],"collection":[{"href":"https:\/\/sbu.uenp.edu.br\/clm\/wp-json\/wp\/v2\/pages"}],"about":[{"href":"https:\/\/sbu.uenp.edu.br\/clm\/wp-json\/wp\/v2\/types\/page"}],"author":[{"embeddable":true,"href":"https:\/\/sbu.uenp.edu.br\/clm\/wp-json\/wp\/v2\/users\/4"}],"replies":[{"embeddable":true,"href":"https:\/\/sbu.uenp.edu.br\/clm\/wp-json\/wp\/v2\/comments?post=257"}],"version-history":[{"count":12,"href":"https:\/\/sbu.uenp.edu.br\/clm\/wp-json\/wp\/v2\/pages\/257\/revisions"}],"predecessor-version":[{"id":1964,"href":"https:\/\/sbu.uenp.edu.br\/clm\/wp-json\/wp\/v2\/pages\/257\/revisions\/1964"}],"up":[{"embeddable":true,"href":"https:\/\/sbu.uenp.edu.br\/clm\/wp-json\/wp\/v2\/pages\/33"}],"wp:attachment":[{"href":"https:\/\/sbu.uenp.edu.br\/clm\/wp-json\/wp\/v2\/media?parent=257"}],"curies":[{"name":"wp","href":"https:\/\/api.w.org\/{rel}","templated":true}]}}