{"id":199,"date":"2024-09-06T16:38:03","date_gmt":"2024-09-06T19:38:03","guid":{"rendered":"https:\/\/sbu.uenp.edu.br\/clm\/?page_id=199"},"modified":"2025-05-05T09:39:04","modified_gmt":"2025-05-05T12:39:04","slug":"portal-capes","status":"publish","type":"page","link":"https:\/\/sbu.uenp.edu.br\/clm\/fontes\/portal-capes\/","title":{"rendered":"Portal CAPES"},"content":{"rendered":"<hr \/>\n<p><a href=\"https:\/\/www.periodicos.capes.gov.br\/\"><img loading=\"lazy\" decoding=\"async\" class=\"size-medium wp-image-1227 alignleft\" src=\"https:\/\/sbu.uenp.edu.br\/clm\/wp-content\/uploads\/sites\/24\/2024\/12\/logo_periodicos_simples-a-300x51.png\" alt=\"\" width=\"300\" height=\"51\" srcset=\"https:\/\/sbu.uenp.edu.br\/clm\/wp-content\/uploads\/sites\/24\/2024\/12\/logo_periodicos_simples-a-300x51.png 300w, https:\/\/sbu.uenp.edu.br\/clm\/wp-content\/uploads\/sites\/24\/2024\/12\/logo_periodicos_simples-a-1024x172.png 1024w, https:\/\/sbu.uenp.edu.br\/clm\/wp-content\/uploads\/sites\/24\/2024\/12\/logo_periodicos_simples-a-768x129.png 768w, https:\/\/sbu.uenp.edu.br\/clm\/wp-content\/uploads\/sites\/24\/2024\/12\/logo_periodicos_simples-a-1536x259.png 1536w, https:\/\/sbu.uenp.edu.br\/clm\/wp-content\/uploads\/sites\/24\/2024\/12\/logo_periodicos_simples-a-2048x345.png 2048w\" sizes=\"auto, (max-width: 300px) 100vw, 300px\" \/> <\/a><\/p>\n<p><span style=\"font-family: verdana, geneva, sans-serif\">O <a href=\"https:\/\/www-periodicos-capes-gov-br.ez398.periodicos.capes.gov.br\/\" target=\"_blank\" rel=\"noopener\"><strong>Portal CAPES<\/strong><\/a> \u00e9 uma plataforma online mantida pela Coordena\u00e7\u00e3o de Aperfei\u00e7oamento de Pessoal de N\u00edvel Superior (CAPES), vinculada ao Minist\u00e9rio da Educa\u00e7\u00e3o do Brasil. Ele oferece acesso a uma vasta cole\u00e7\u00e3o de conte\u00fados acad\u00eamicos e cient\u00edficos, incluindo:<\/span><\/p>\n<ul>\n<li><span style=\"font-family: verdana, geneva, sans-serif\">Artigos de revistas cient\u00edficas: nacionais e internacionais, cobrindo diversas \u00e1reas do conhecimento.<\/span><\/li>\n<li><span style=\"font-family: verdana, geneva, sans-serif\">Livros eletr\u00f4nicos: de editoras acad\u00eamicas e cient\u00edficas de prest\u00edgio.<\/span><\/li>\n<li><span style=\"font-family: verdana, geneva, sans-serif\">Teses e disserta\u00e7\u00f5es: de institui\u00e7\u00f5es de ensino e pesquisa brasileiras e estrangeiras.<\/span><\/li>\n<li><span style=\"font-family: verdana, geneva, sans-serif\">Bases de dados: especializados em diferentes \u00e1reas, como ci\u00eancias da sa\u00fade, agr\u00e1rias, sociais, humanas, exatas, entre outras.<\/span><\/li>\n<li><span style=\"font-family: verdana, geneva, sans-serif\">Ferramentas de busca e consulta: que facilitam o acesso e a descoberta de conte\u00fados relevantes.<\/span><\/li>\n<\/ul>\n<p><span style=\"font-family: verdana, geneva, sans-serif\">Ele pode ser acessado via IP da institui\u00e7\u00e3o, ou seja, conectado no WiFi da UENP, ou tamb\u00e9m, acessando via Comunidade Acad\u00eamica Federada (CAFe), utilizando as mesmas credenciais de acesso do Sistema Unificado de Administra\u00e7\u00e3o P\u00fablica (SUAP).<\/span><\/p>\n<p><span style=\"font-family: verdana, geneva, sans-serif\">O Portal \u00e9 uma das iniciativas mais importantes no apoio \u00e0 produ\u00e7\u00e3o cient\u00edfica nacional, ajudando na forma\u00e7\u00e3o de novos pesquisadores e no avan\u00e7o do conhecimento. Para conferir a lista de bases disponibilizadas pela CAPES para a comunidade UENP, para clicar <a href=\"https:\/\/docs.google.com\/spreadsheets\/d\/1fxkmMTpaaqZXUz9w_a9azi8LQFRQ1WbuSS-32fYp5N4\/edit?usp=sharing\" target=\"_blank\" rel=\"noopener\"><strong>aqui<\/strong><\/a>.<\/span><\/p>\n<p><span style=\"font-family: tahoma, arial, helvetica, sans-serif;font-size: 12pt\">\u00a0<\/span><\/p>\n","protected":false},"excerpt":{"rendered":"","protected":false},"author":4,"featured_media":0,"parent":490,"menu_order":0,"comment_status":"closed","ping_status":"closed","template":"","meta":{"footnotes":""},"class_list":["post-199","page","type-page","status-publish","hentry"],"_links":{"self":[{"href":"https:\/\/sbu.uenp.edu.br\/clm\/wp-json\/wp\/v2\/pages\/199","targetHints":{"allow":["GET"]}}],"collection":[{"href":"https:\/\/sbu.uenp.edu.br\/clm\/wp-json\/wp\/v2\/pages"}],"about":[{"href":"https:\/\/sbu.uenp.edu.br\/clm\/wp-json\/wp\/v2\/types\/page"}],"author":[{"embeddable":true,"href":"https:\/\/sbu.uenp.edu.br\/clm\/wp-json\/wp\/v2\/users\/4"}],"replies":[{"embeddable":true,"href":"https:\/\/sbu.uenp.edu.br\/clm\/wp-json\/wp\/v2\/comments?post=199"}],"version-history":[{"count":12,"href":"https:\/\/sbu.uenp.edu.br\/clm\/wp-json\/wp\/v2\/pages\/199\/revisions"}],"predecessor-version":[{"id":1481,"href":"https:\/\/sbu.uenp.edu.br\/clm\/wp-json\/wp\/v2\/pages\/199\/revisions\/1481"}],"up":[{"embeddable":true,"href":"https:\/\/sbu.uenp.edu.br\/clm\/wp-json\/wp\/v2\/pages\/490"}],"wp:attachment":[{"href":"https:\/\/sbu.uenp.edu.br\/clm\/wp-json\/wp\/v2\/media?parent=199"}],"curies":[{"name":"wp","href":"https:\/\/api.w.org\/{rel}","templated":true}]}}