{"id":1781,"date":"2025-07-11T08:18:00","date_gmt":"2025-07-11T11:18:00","guid":{"rendered":"https:\/\/sbu.uenp.edu.br\/clm\/?page_id=1781"},"modified":"2025-08-18T08:52:34","modified_gmt":"2025-08-18T11:52:34","slug":"solicitacao-de-issn","status":"publish","type":"page","link":"https:\/\/sbu.uenp.edu.br\/clm\/servicos\/solicitacao-de-issn\/","title":{"rendered":"Solicita\u00e7\u00e3o de ISSN"},"content":{"rendered":"<hr \/>\n<p data-start=\"105\" data-end=\"677\"><span style=\"font-family: verdana, geneva, sans-serif\">O <strong>International Standard Serial Number<\/strong> (ISSN) \u00e9 um c\u00f3digo num\u00e9rico exclusivo atribu\u00eddo a publica\u00e7\u00f5es seriadas, como revistas, peri\u00f3dicos, jornais e outras publica\u00e7\u00f5es que s\u00e3o produzidas de forma cont\u00ednua e regularmente. Composto por oito d\u00edgitos, o ISSN \u00e9 essencial para a identifica\u00e7\u00e3o e cataloga\u00e7\u00e3o dessas publica\u00e7\u00f5es em bibliotecas, bancos de dados e sistemas de informa\u00e7\u00e3o acad\u00eamica. Ele permite que os profissionais da \u00e1rea de biblioteconomia e informa\u00e7\u00e3o localizem e fa\u00e7am refer\u00eancia a esses materiais de forma eficiente e precisa, facilitando o acesso e a pesquisa.<\/span><\/p>\n<p data-start=\"679\" data-end=\"1230\"><span style=\"font-family: verdana, geneva, sans-serif\">No meio acad\u00eamico, o ISSN tem grande import\u00e2ncia, pois garante a padroniza\u00e7\u00e3o e a organiza\u00e7\u00e3o das publica\u00e7\u00f5es cient\u00edficas. Com o crescente n\u00famero de peri\u00f3dicos e revistas cient\u00edficas, o ISSN permite que pesquisadores, estudantes e bibliotec\u00e1rios localizem facilmente as publica\u00e7\u00f5es desejadas, sem o risco de confundir t\u00edtulos semelhantes ou duplicados. Al\u00e9m disso, o ISSN \u00e9 utilizado por plataformas digitais de publica\u00e7\u00e3o e indexa\u00e7\u00e3o, como Scopus, Google Scholar, e Web of Science, o que aumenta a visibilidade e o alcance das publica\u00e7\u00f5es acad\u00eamicas.<\/span><\/p>\n<p data-start=\"1232\" data-end=\"1726\"><span style=\"font-family: verdana, geneva, sans-serif\">A import\u00e2ncia do ISSN tamb\u00e9m se estende \u00e0 promo\u00e7\u00e3o da autenticidade e qualidade das publica\u00e7\u00f5es cient\u00edficas. Quando um peri\u00f3dico possui esse c\u00f3digo, ele \u00e9 reconhecido como uma publica\u00e7\u00e3o oficial e registrada, o que agrega credibilidade. Em muitos casos, o ISSN \u00e9 um requisito para que a publica\u00e7\u00e3o seja considerada v\u00e1lida e aceita em indexadores de peri\u00f3dicos ou programas de fomento \u00e0 pesquisa, como as avalia\u00e7\u00f5es de qualifica\u00e7\u00e3o acad\u00eamica, bolsas de pesquisa e outras iniciativas cient\u00edficas.<\/span><\/p>\n<p data-start=\"1728\" data-end=\"1787\"><strong><span style=\"font-family: verdana, geneva, sans-serif\">Requisitos para solicita\u00e7\u00e3o de ISSN<\/span><\/strong><\/p>\n<p data-start=\"1789\" data-end=\"1811\"><strong><span style=\"font-family: verdana, geneva, sans-serif\">Publica\u00e7\u00e3o Online<\/span><\/strong><\/p>\n<p><span style=\"font-family: verdana, geneva, sans-serif\"><strong>1.<\/strong> Ter ao menos um n\u00famero completo publicado com 5 artigos.<\/span><\/p>\n<p><span style=\"font-family: verdana, geneva, sans-serif\"><strong>2.<\/strong> Solicitar o ISSN apenas ap\u00f3s a publica\u00e7\u00e3o do segundo n\u00famero com o mesmo t\u00edtulo, o c\u00f3digo ser\u00e1 retroativo ao primeiro;<\/span><\/p>\n<p data-start=\"2002\" data-end=\"2030\"><span style=\"font-family: verdana, geneva, sans-serif\"><strong>3.<\/strong> Enviar em PDF no m\u00e1ximo 2\u202fMB:<\/span><\/p>\n<ul style=\"list-style-type: square\">\n<li><span style=\"font-family: verdana, geneva, sans-serif\">Tela de apresenta\u00e7\u00e3o com o t\u00edtulo da publica\u00e7\u00e3o;<\/span><\/li>\n<li data-start=\"2088\" data-end=\"2149\"><span style=\"font-family: verdana, geneva, sans-serif\">Tela das normas de publica\u00e7\u00e3o (caso seja t\u00e9cnico-cient\u00edfica);<\/span><\/li>\n<li data-start=\"2154\" data-end=\"2224\"><span style=\"font-family: verdana, geneva, sans-serif\">Expediente com corpo editorial, periodicidade, respons\u00e1vel e endere\u00e7o;<\/span><\/li>\n<li data-start=\"2229\" data-end=\"2301\"><span style=\"font-family: verdana, geneva, sans-serif\">Telas das edi\u00e7\u00f5es anteriores e da edi\u00e7\u00e3o atual com volume, n\u00famero e ano;<\/span><\/li>\n<li data-start=\"2229\" data-end=\"2301\"><span style=\"font-family: verdana, geneva, sans-serif\">C\u00f3pia de um artigo publicado.<\/span><\/li>\n<\/ul>\n<p data-start=\"2337\" data-end=\"2361\"><strong><span style=\"font-family: verdana, geneva, sans-serif\">Publica\u00e7\u00e3o Impressa<\/span><\/strong><\/p>\n<p data-start=\"2364\" data-end=\"2399\"><span style=\"font-family: verdana, geneva, sans-serif\"><strong>1.<\/strong>\u00a0Enviar a vers\u00e3o final com:<\/span><\/p>\n<ul style=\"list-style-type: square\">\n<li data-start=\"2404\" data-end=\"2442\"><span style=\"font-family: verdana, geneva, sans-serif\">Capa com t\u00edtulo, volume, n\u00famero e ano;<\/span><\/li>\n<li data-start=\"2447\" data-end=\"2462\"><span style=\"font-family: verdana, geneva, sans-serif\">Folha de rosto;<\/span><\/li>\n<li data-start=\"2467\" data-end=\"2523\"><span style=\"font-family: verdana, geneva, sans-serif\">Expediente com equipe editorial e informa\u00e7\u00f5es completas;<\/span><\/li>\n<li data-start=\"2528\" data-end=\"2555\"><span style=\"font-family: verdana, geneva, sans-serif\">Primeira p\u00e1gina do sum\u00e1rio;<\/span><\/li>\n<li data-start=\"2560\" data-end=\"2586\"><span style=\"font-family: verdana, geneva, sans-serif\">Editorial ou apresenta\u00e7\u00e3o;<\/span><\/li>\n<li data-start=\"2591\" data-end=\"2620\"><span style=\"font-family: verdana, geneva, sans-serif\">Primeira p\u00e1gina de um artigo;<\/span><\/li>\n<li data-start=\"2623\" data-end=\"2687\"><span style=\"font-family: verdana, geneva, sans-serif\">Se j\u00e1 tiver sido publicada, anexar o primeiro e o \u00faltimo n\u00famero.<\/span><\/li>\n<\/ul>\n<p data-start=\"2689\" data-end=\"2723\"><strong><span style=\"font-family: verdana, geneva, sans-serif\">Portal de Peri\u00f3dicos ou Sites<\/span><\/strong><\/p>\n<p data-start=\"2726\" data-end=\"2773\"><span style=\"font-family: verdana, geneva, sans-serif\"><strong>1.<\/strong>\u00a0Cada revista hospedada precisa de ISSN pr\u00f3prio;<\/span><\/p>\n<p data-start=\"2776\" data-end=\"2845\"><span style=\"font-family: verdana, geneva, sans-serif\"><strong>2. <\/strong>O portal precisa conter n\u00famero completo com 5 artigos, URL est\u00e1vel e:<\/span><\/p>\n<ul style=\"list-style-type: square\">\n<li data-start=\"2850\" data-end=\"2873\"><span style=\"font-family: verdana, geneva, sans-serif\">P\u00e1gina de apresenta\u00e7\u00e3o;<\/span><\/li>\n<li data-start=\"2878\" data-end=\"2898\"><span style=\"font-family: verdana, geneva, sans-serif\">Expediente completo;<\/span><\/li>\n<li data-start=\"2903\" data-end=\"2946\"><span style=\"font-family: verdana, geneva, sans-serif\">Edi\u00e7\u00f5es numeradas e publicadas com clareza.<\/span><\/li>\n<\/ul>\n<p data-start=\"2948\" data-end=\"3002\"><strong><span style=\"font-family: verdana, geneva, sans-serif\">Eventos Cient\u00edficos com Anais<\/span><\/strong><\/p>\n<p data-start=\"3005\" data-end=\"3128\"><span style=\"font-family: verdana, geneva, sans-serif\"><strong>1. <\/strong>Anais devem conter: t\u00edtulo, nome do evento, local, data, comiss\u00e3o cient\u00edfica, organizadora, expediente e artigos completos;<\/span><\/p>\n<p data-start=\"3131\" data-end=\"3204\"><span style=\"font-family: verdana, geneva, sans-serif\"><strong>2.<\/strong> Indicar claramente periodicidade e edi\u00e7\u00e3o do evento (ex: 2\u00ba Encontro&#8230;).<\/span><\/p>\n<p><strong><span style=\"font-family: verdana, geneva, sans-serif\">Informa\u00e7\u00f5es gerais<\/span><\/strong><\/p>\n<p data-start=\"3231\" data-end=\"3320\"><span style=\"font-family: verdana, geneva, sans-serif\">O ISSN \u00e9 atribu\u00eddo por tipo de suporte: impresso e online possuem c\u00f3digos diferentes;<\/span><\/p>\n<p data-start=\"3323\" data-end=\"3380\"><span style=\"font-family: verdana, geneva, sans-serif\">Mudan\u00e7as de t\u00edtulo ou de suporte exigem nova solicita\u00e7\u00e3o;<\/span><\/p>\n<p data-start=\"3383\" data-end=\"3452\"><span style=\"font-family: verdana, geneva, sans-serif\">O t\u00edtulo precisa estar id\u00eantico em todas as partes da publica\u00e7\u00e3o.<\/span><\/p>\n<p><span style=\"font-family: verdana, geneva, sans-serif\">Caso precise solicitar o ISSN para uma nova publica\u00e7\u00e3o, voc\u00ea entre em contato com o bibliotec\u00e1rio pelo e-mail: <a href=\"mailto:coordenacao.biblioteca.clm@uenp.edu.br\"><strong data-start=\"3628\" data-end=\"3670\">coordenacao.biblioteca.clm@uenp.edu.br<\/strong><\/a><\/span><\/p>\n","protected":false},"excerpt":{"rendered":"","protected":false},"author":4,"featured_media":0,"parent":29,"menu_order":0,"comment_status":"closed","ping_status":"closed","template":"","meta":{"footnotes":""},"class_list":["post-1781","page","type-page","status-publish","hentry"],"_links":{"self":[{"href":"https:\/\/sbu.uenp.edu.br\/clm\/wp-json\/wp\/v2\/pages\/1781","targetHints":{"allow":["GET"]}}],"collection":[{"href":"https:\/\/sbu.uenp.edu.br\/clm\/wp-json\/wp\/v2\/pages"}],"about":[{"href":"https:\/\/sbu.uenp.edu.br\/clm\/wp-json\/wp\/v2\/types\/page"}],"author":[{"embeddable":true,"href":"https:\/\/sbu.uenp.edu.br\/clm\/wp-json\/wp\/v2\/users\/4"}],"replies":[{"embeddable":true,"href":"https:\/\/sbu.uenp.edu.br\/clm\/wp-json\/wp\/v2\/comments?post=1781"}],"version-history":[{"count":7,"href":"https:\/\/sbu.uenp.edu.br\/clm\/wp-json\/wp\/v2\/pages\/1781\/revisions"}],"predecessor-version":[{"id":1859,"href":"https:\/\/sbu.uenp.edu.br\/clm\/wp-json\/wp\/v2\/pages\/1781\/revisions\/1859"}],"up":[{"embeddable":true,"href":"https:\/\/sbu.uenp.edu.br\/clm\/wp-json\/wp\/v2\/pages\/29"}],"wp:attachment":[{"href":"https:\/\/sbu.uenp.edu.br\/clm\/wp-json\/wp\/v2\/media?parent=1781"}],"curies":[{"name":"wp","href":"https:\/\/api.w.org\/{rel}","templated":true}]}}