{"id":136,"date":"2024-09-06T15:03:27","date_gmt":"2024-09-06T18:03:27","guid":{"rendered":"https:\/\/sbu.uenp.edu.br\/clm\/?page_id=136"},"modified":"2026-04-23T11:42:50","modified_gmt":"2026-04-23T14:42:50","slug":"equipe","status":"publish","type":"page","link":"https:\/\/sbu.uenp.edu.br\/clm\/conheca\/equipe\/","title":{"rendered":"Equipe"},"content":{"rendered":"<hr \/>\n<p id=\"_E3koqoBUgxhHEN\" dir=\"ltr\"><span style=\"font-family: verdana, geneva, sans-serif;font-size: 12pt\"><strong>Coordena\u00e7\u00e3o<\/strong><\/span><\/p>\n<ul style=\"list-style-type: square\">\n<li><span style=\"font-family: verdana, geneva, sans-serif\">Elisio Custodio Brentan Junior<\/span><br \/>\n<span style=\"font-family: verdana, geneva, sans-serif\"><em>Bibliotec\u00e1rio-Coordenador \u00b7 CRB-9\/1955<\/em><\/span><\/li>\n<\/ul>\n<p><span style=\"font-family: verdana, geneva, sans-serif;font-size: 12pt\"><strong>Atendimento<\/strong><\/span><\/p>\n<ul style=\"list-style-type: square\">\n<li><span style=\"font-family: verdana, geneva, sans-serif\">Jos\u00e9 Victor da Concei\u00e7\u00e3o Alves Ferreira<\/span><br \/>\n<span style=\"font-family: verdana, geneva, sans-serif\"><em>Estagi\u00e1rio \u2013 Ensino M\u00e9dio<\/em><\/span><\/li>\n<li><span style=\"font-family: verdana, geneva, sans-serif\">Marcos Rog\u00e9rio Garcia da Costa<\/span><br \/>\n<span style=\"font-family: verdana, geneva, sans-serif\"><em>Agente Universit\u00e1rio de Apoio<\/em>\u00a0<\/span><\/li>\n<li><span style=\"font-family: verdana, geneva, sans-serif\">Rita de C\u00e1ssia Sampaio Rodrigues<\/span><br \/>\n<span style=\"font-family: verdana, geneva, sans-serif\"><em>Agente Universit\u00e1rio de Apoio<\/em><\/span><\/li>\n<\/ul>\n<p id=\"_ozDePDiRPKZpEA\" dir=\"ltr\"><span style=\"font-family: verdana, geneva, sans-serif;font-size: 12pt\"><strong>Zeladoria<\/strong><\/span><\/p>\n<ul style=\"list-style-type: square\">\n<li><span style=\"font-family: verdana, geneva, sans-serif\">Eliane F\u00e1tima da Silva Arica<\/span><br \/>\n<span style=\"font-family: verdana, geneva, sans-serif\"><em>Agente Universit\u00e1rio de Apoio<\/em><\/span><\/li>\n<\/ul>\n","protected":false},"excerpt":{"rendered":"","protected":false},"author":4,"featured_media":0,"parent":11,"menu_order":1,"comment_status":"closed","ping_status":"closed","template":"","meta":{"footnotes":""},"class_list":["post-136","page","type-page","status-publish","hentry"],"_links":{"self":[{"href":"https:\/\/sbu.uenp.edu.br\/clm\/wp-json\/wp\/v2\/pages\/136","targetHints":{"allow":["GET"]}}],"collection":[{"href":"https:\/\/sbu.uenp.edu.br\/clm\/wp-json\/wp\/v2\/pages"}],"about":[{"href":"https:\/\/sbu.uenp.edu.br\/clm\/wp-json\/wp\/v2\/types\/page"}],"author":[{"embeddable":true,"href":"https:\/\/sbu.uenp.edu.br\/clm\/wp-json\/wp\/v2\/users\/4"}],"replies":[{"embeddable":true,"href":"https:\/\/sbu.uenp.edu.br\/clm\/wp-json\/wp\/v2\/comments?post=136"}],"version-history":[{"count":24,"href":"https:\/\/sbu.uenp.edu.br\/clm\/wp-json\/wp\/v2\/pages\/136\/revisions"}],"predecessor-version":[{"id":2057,"href":"https:\/\/sbu.uenp.edu.br\/clm\/wp-json\/wp\/v2\/pages\/136\/revisions\/2057"}],"up":[{"embeddable":true,"href":"https:\/\/sbu.uenp.edu.br\/clm\/wp-json\/wp\/v2\/pages\/11"}],"wp:attachment":[{"href":"https:\/\/sbu.uenp.edu.br\/clm\/wp-json\/wp\/v2\/media?parent=136"}],"curies":[{"name":"wp","href":"https:\/\/api.w.org\/{rel}","templated":true}]}}

<hr />
<p id="_E3koqoBUgxhHEN" dir="ltr"><span style="font-family: verdana, geneva, sans-serif;font-size: 12pt"><strong>Coordenação</strong></span></p>
<ul style="list-style-type: square">
<li><span style="font-family: verdana, geneva, sans-serif">Elisio Custodio Brentan Junior</span><br />
<span style="font-family: verdana, geneva, sans-serif"><em>Bibliotecário-Coordenador · CRB-9/1955</em></span></li>
</ul>
<p><span style="font-family: verdana, geneva, sans-serif;font-size: 12pt"><strong>Atendimento</strong></span></p>
<ul style="list-style-type: square">
<li><span style="font-family: verdana, geneva, sans-serif">José Victor da Conceição Alves Ferreira</span><br />
<span style="font-family: verdana, geneva, sans-serif"><em>Estagiário – Ensino Médio</em></span></li>
<li><span style="font-family: verdana, geneva, sans-serif">Marcos Rogério Garcia da Costa</span><br />
<span style="font-family: verdana, geneva, sans-serif"><em>Agente Universitário de Apoio</em> </span></li>
<li><span style="font-family: verdana, geneva, sans-serif">Rita de Cássia Sampaio Rodrigues</span><br />
<span style="font-family: verdana, geneva, sans-serif"><em>Agente Universitário de Apoio</em></span></li>
</ul>
<p id="_ozDePDiRPKZpEA" dir="ltr"><span style="font-family: verdana, geneva, sans-serif;font-size: 12pt"><strong>Zeladoria</strong></span></p>
<ul style="list-style-type: square">
<li><span style="font-family: verdana, geneva, sans-serif">Eliane Fátima da Silva Arica</span><br />
<span style="font-family: verdana, geneva, sans-serif"><em>Agente Universitário de Apoio</em></span></li>
</ul>
