{"id":29,"date":"2024-09-02T11:20:16","date_gmt":"2024-09-02T14:20:16","guid":{"rendered":"http:\/\/sbu.uenp.edu.br\/ccp\/?page_id=29"},"modified":"2024-10-11T13:41:04","modified_gmt":"2024-10-11T16:41:04","slug":"servicos","status":"publish","type":"page","link":"https:\/\/sbu.uenp.edu.br\/ccp\/servicos\/","title":{"rendered":"Servi\u00e7os"},"content":{"rendered":"<div class=\"flex max-w-full flex-col flex-grow\">\n<div class=\"min-h-8 text-message flex w-full flex-col items-end gap-2 whitespace-normal break-words [.text-message+&amp;]:mt-5\" dir=\"auto\" data-message-author-role=\"assistant\" data-message-id=\"28dd045f-b7be-4fb2-bfe5-f98c6b1c6aae\">\n<div class=\"flex w-full flex-col gap-1 empty:hidden first:pt-[3px]\">\n<div class=\"markdown prose w-full break-words dark:prose-invert light\">\n<hr \/>\n<p style=\"text-align: justify\"><span style=\"font-size: 12pt\">A Biblioteca Central CCP disponibiliza uma gama de servi\u00e7os fundamentados em suas cole\u00e7\u00f5es f\u00edsicas e digitais, complementados pelos servi\u00e7os informacionais oferecidos pelos bibliotec\u00e1rios. Dentre as a\u00e7\u00f5es dispon\u00edveis, destacam-se:<\/span><\/p>\n<ul style=\"text-align: justify;list-style-type: circle\">\n<li><span style=\"font-size: 12pt\">Desenvolvimento de habilidades informacionais;<\/span><\/li>\n<li><span style=\"font-size: 12pt\">Atendimento e orienta\u00e7\u00e3o \u00e0 comunidade em geral;<\/span><\/li>\n<li><span style=\"font-size: 12pt\">Cataloga\u00e7\u00e3o na publica\u00e7\u00e3o;<\/span><\/li>\n<li><span style=\"font-size: 12pt\">Disponibiliza\u00e7\u00e3o de espa\u00e7o para a realiza\u00e7\u00e3o de atividades pedag\u00f3gicas espec\u00edficas, incluindo aulas com turmas;<\/span><\/li>\n<li><span style=\"font-size: 12pt\">Empr\u00e9stimo domiciliar;<\/span><\/li>\n<li><span style=\"font-size: 12pt\">Empr\u00e9stimo entre bibliotecas;<\/span><\/li>\n<li><span style=\"font-size: 12pt\">Gest\u00e3o, organiza\u00e7\u00e3o e avalia\u00e7\u00e3o do acervo, tanto f\u00edsico quanto digital;<\/span><\/li>\n<li><span style=\"font-size: 12pt\">Levantamento bibliogr\u00e1fico e documental;<\/span><\/li>\n<li><span style=\"font-size: 12pt\">Visitas guiadas e apresenta\u00e7\u00f5es da biblioteca.<\/span><\/li>\n<\/ul>\n<p style=\"text-align: justify\"><span style=\"font-size: 12pt\">Convidamos voc\u00ea a conhecer esses servi\u00e7os!<\/span><\/p>\n<\/div>\n<\/div>\n<\/div>\n<\/div>\n","protected":false},"excerpt":{"rendered":"","protected":false},"author":1,"featured_media":0,"parent":0,"menu_order":0,"comment_status":"closed","ping_status":"closed","template":"","meta":{"footnotes":""},"class_list":["post-29","page","type-page","status-publish","hentry"],"_links":{"self":[{"href":"https:\/\/sbu.uenp.edu.br\/ccp\/wp-json\/wp\/v2\/pages\/29","targetHints":{"allow":["GET"]}}],"collection":[{"href":"https:\/\/sbu.uenp.edu.br\/ccp\/wp-json\/wp\/v2\/pages"}],"about":[{"href":"https:\/\/sbu.uenp.edu.br\/ccp\/wp-json\/wp\/v2\/types\/page"}],"author":[{"embeddable":true,"href":"https:\/\/sbu.uenp.edu.br\/ccp\/wp-json\/wp\/v2\/users\/1"}],"replies":[{"embeddable":true,"href":"https:\/\/sbu.uenp.edu.br\/ccp\/wp-json\/wp\/v2\/comments?post=29"}],"version-history":[{"count":14,"href":"https:\/\/sbu.uenp.edu.br\/ccp\/wp-json\/wp\/v2\/pages\/29\/revisions"}],"predecessor-version":[{"id":201,"href":"https:\/\/sbu.uenp.edu.br\/ccp\/wp-json\/wp\/v2\/pages\/29\/revisions\/201"}],"wp:attachment":[{"href":"https:\/\/sbu.uenp.edu.br\/ccp\/wp-json\/wp\/v2\/media?parent=29"}],"curies":[{"name":"wp","href":"https:\/\/api.w.org\/{rel}","templated":true}]}}